{"id":2934,"date":"2019-06-24T16:43:15","date_gmt":"2019-06-24T14:43:15","guid":{"rendered":"https:\/\/sup.kezakoo.com\/?page_id=2934"},"modified":"2019-07-09T20:01:53","modified_gmt":"2019-07-09T18:01:53","slug":"enfp","status":"publish","type":"page","link":"https:\/\/www.kezakoo.com\/sup\/enfp\/","title":{"rendered":"ENFP"},"content":{"rendered":"<p>Les ENFP sont parfois surnomm\u00e9s &#8220;les campagnons&#8221; en raison de leur enthousiasme \u00e0 aider les autres \u00e0 r\u00e9aliser leurs r\u00eaves.<\/p>\n<p>Si tu es un ENFP, alors tu es un cr\u00e9ateur centr\u00e9 sur l&#8217;\u00eatre humain, qui met l&#8217;accent sur les possibilit\u00e9s et un enthousiasme contagieux autour d&#8217;id\u00e9es, de personnes et d&#8217;activit\u00e9s originales. \u00c9nergique, chaleureux et passionn\u00e9, tu as tendance \u00e0 aimer aider les autres \u00e0 explorer leur potentiel cr\u00e9atif.<\/p>\n<p>Tu as l&#8217;habilit\u00e9 \u00e0 \u00eatre un communicateur agile et expressif, qui utilise son esprit, son humour et sa ma\u00eetrise du langage pour cr\u00e9er des histoires engageantes. Imaginatif et original, tu as souvent un c\u00f4t\u00e9 artistique fort. Tu es attir\u00e9 par l&#8217;art en raison de ta capacit\u00e9 d&#8217;exprimer des id\u00e9es inventives et de cr\u00e9er une compr\u00e9hension plus profonde de l&#8217;exp\u00e9rience humaine.<\/p>\n<h3>Quelles sont les motivations d&#8217;un ENFP ?<\/h3>\n<p>Si tu es un ENFP, alors tu tends \u00e0 \u00eatre curieux et pr\u00e9occup\u00e9 par la d\u00e9couverte du sens profond des personnes et des id\u00e9es. Tu veux une exp\u00e9rience authentique et recherche souvent l&#8217;intensit\u00e9 \u00e9motionnelle. Les ENFP comme toi s&#8217;ennuient facilement des d\u00e9tails et des r\u00e9p\u00e9titions et recherchent des situations qui leur permettent d&#8217;\u00e9chapper au quotidien.<\/p>\n<p>La nouveaut\u00e9 est attrayante pour toi, qui a souvent un large \u00e9ventail d&#8217;int\u00e9r\u00eats et d&#8217;amis de divers horizons. Tu appr\u00e9cies l&#8217;individualit\u00e9 et consid\u00e8res souvent la poursuite du bonheur comme la priorit\u00e9 absolue dans la vie, tant pour toi-m\u00eame que pour les autres. Tu accordes une grande importance \u00e0 la libert\u00e9 personnelle et \u00e0 l&#8217;expression de soi, et tu veux pouvoir aller l\u00e0 o\u00f9 l&#8217;inspiration te m\u00e8ne.<\/p>\n<h3>Quelques ENFP c\u00e9l\u00e8bres<\/h3>\n<p>Robert Downey Jr, Robin Williams, Will Smith, Quentin Tarantino<\/p>\n","protected":false},"excerpt":{"rendered":"<p>Les ENFP sont parfois surnomm\u00e9s &#8220;les campagnons&#8221; en raison de leur enthousiasme \u00e0 aider les autres \u00e0 r\u00e9aliser leurs r\u00eaves. Si tu es un ENFP, alors tu es un cr\u00e9ateur centr\u00e9 sur l&#8217;\u00eatre humain, qui met l&#8217;accent sur les possibilit\u00e9s et un enthousiasme contagieux autour d&#8217;id\u00e9es, de personnes et d&#8217;activit\u00e9s originales. \u00c9nergique, chaleureux et passionn\u00e9, [&hellip;]<\/p>\n","protected":false},"author":1,"featured_media":0,"parent":0,"menu_order":0,"comment_status":"closed","ping_status":"closed","template":"personality-page.php","meta":{"_acf_changed":false,"footnotes":""},"class_list":["post-2934","page","type-page","status-publish","hentry"],"acf":[],"yoast_head":"<!-- This site is optimized with the Yoast SEO plugin v26.7 - https:\/\/yoast.com\/wordpress\/plugins\/seo\/ -->\n<title>ENFP - Kezakoo SUP<\/title>\n<meta name=\"robots\" content=\"index, follow, max-snippet:-1, max-image-preview:large, max-video-preview:-1\" \/>\n<link rel=\"canonical\" href=\"https:\/\/www.kezakoo.com\/sup\/enfp\/\" \/>\n<meta property=\"og:locale\" content=\"fr_FR\" \/>\n<meta property=\"og:type\" content=\"article\" \/>\n<meta property=\"og:title\" content=\"ENFP - Kezakoo SUP\" \/>\n<meta property=\"og:description\" content=\"Les ENFP sont parfois surnomm\u00e9s &#8220;les campagnons&#8221; en raison de leur enthousiasme \u00e0 aider les autres \u00e0 r\u00e9aliser leurs r\u00eaves. Si tu es un ENFP, alors tu es un cr\u00e9ateur centr\u00e9 sur l&#8217;\u00eatre humain, qui met l&#8217;accent sur les possibilit\u00e9s et un enthousiasme contagieux autour d&#8217;id\u00e9es, de personnes et d&#8217;activit\u00e9s originales. \u00c9nergique, chaleureux et passionn\u00e9, [&hellip;]\" \/>\n<meta property=\"og:url\" content=\"https:\/\/www.kezakoo.com\/sup\/enfp\/\" \/>\n<meta property=\"og:site_name\" content=\"Kezakoo SUP\" \/>\n<meta property=\"article:publisher\" content=\"https:\/\/facebook.com\/kezakoo\" \/>\n<meta property=\"article:modified_time\" content=\"2019-07-09T18:01:53+00:00\" \/>\n<meta property=\"og:image\" content=\"https:\/\/www.kezakoo.com\/sup\/wp-content\/uploads\/2017\/04\/sup.jpg\" \/>\n\t<meta property=\"og:image:width\" content=\"1900\" \/>\n\t<meta property=\"og:image:height\" content=\"1268\" \/>\n\t<meta property=\"og:image:type\" content=\"image\/jpeg\" \/>\n<meta name=\"twitter:card\" content=\"summary_large_image\" \/>\n<meta name=\"twitter:label1\" content=\"Dur\u00e9e de lecture estim\u00e9e\" \/>\n\t<meta name=\"twitter:data1\" content=\"1 minute\" \/>\n<script type=\"application\/ld+json\" class=\"yoast-schema-graph\">{\"@context\":\"https:\/\/schema.org\",\"@graph\":[{\"@type\":\"WebPage\",\"@id\":\"https:\/\/www.kezakoo.com\/sup\/enfp\/\",\"url\":\"https:\/\/www.kezakoo.com\/sup\/enfp\/\",\"name\":\"ENFP - Kezakoo SUP\",\"isPartOf\":{\"@id\":\"https:\/\/www.kezakoo.com\/sup\/ar\/#website\"},\"datePublished\":\"2019-06-24T14:43:15+00:00\",\"dateModified\":\"2019-07-09T18:01:53+00:00\",\"breadcrumb\":{\"@id\":\"https:\/\/www.kezakoo.com\/sup\/enfp\/#breadcrumb\"},\"inLanguage\":\"fr-FR\",\"potentialAction\":[{\"@type\":\"ReadAction\",\"target\":[\"https:\/\/www.kezakoo.com\/sup\/enfp\/\"]}]},{\"@type\":\"BreadcrumbList\",\"@id\":\"https:\/\/www.kezakoo.com\/sup\/enfp\/#breadcrumb\",\"itemListElement\":[{\"@type\":\"ListItem\",\"position\":1,\"name\":\"Accueil\",\"item\":\"https:\/\/www.kezakoo.com\/sup\/\"},{\"@type\":\"ListItem\",\"position\":2,\"name\":\"ENFP\"}]},{\"@type\":\"WebSite\",\"@id\":\"https:\/\/www.kezakoo.com\/sup\/ar\/#website\",\"url\":\"https:\/\/www.kezakoo.com\/sup\/ar\/\",\"name\":\"Kezakoo SUP\",\"description\":\"La r\u00e9f\u00e9rence de l&#039;enseignement sup\u00e9rieur au Maroc\",\"publisher\":{\"@id\":\"https:\/\/www.kezakoo.com\/sup\/ar\/#organization\"},\"potentialAction\":[{\"@type\":\"SearchAction\",\"target\":{\"@type\":\"EntryPoint\",\"urlTemplate\":\"https:\/\/www.kezakoo.com\/sup\/ar\/?s={search_term_string}\"},\"query-input\":{\"@type\":\"PropertyValueSpecification\",\"valueRequired\":true,\"valueName\":\"search_term_string\"}}],\"inLanguage\":\"fr-FR\"},{\"@type\":\"Organization\",\"@id\":\"https:\/\/www.kezakoo.com\/sup\/ar\/#organization\",\"name\":\"Kezakoo\",\"url\":\"https:\/\/www.kezakoo.com\/sup\/ar\/\",\"logo\":{\"@type\":\"ImageObject\",\"inLanguage\":\"fr-FR\",\"@id\":\"https:\/\/www.kezakoo.com\/sup\/ar\/#\/schema\/logo\/image\/\",\"url\":\"https:\/\/kezakoo.com\/sup\/wp-content\/uploads\/2017\/04\/Logo_Kezakoo_black_orange.png\",\"contentUrl\":\"https:\/\/kezakoo.com\/sup\/wp-content\/uploads\/2017\/04\/Logo_Kezakoo_black_orange.png\",\"width\":1086,\"height\":308,\"caption\":\"Kezakoo\"},\"image\":{\"@id\":\"https:\/\/www.kezakoo.com\/sup\/ar\/#\/schema\/logo\/image\/\"},\"sameAs\":[\"https:\/\/facebook.com\/kezakoo\",\"https:\/\/www.linkedin.com\/company\/kezakoo\",\"https:\/\/www.youtube.com\/user\/kezakoo1\"]}]}<\/script>\n<!-- \/ Yoast SEO plugin. -->","yoast_head_json":{"title":"ENFP - Kezakoo SUP","robots":{"index":"index","follow":"follow","max-snippet":"max-snippet:-1","max-image-preview":"max-image-preview:large","max-video-preview":"max-video-preview:-1"},"canonical":"https:\/\/www.kezakoo.com\/sup\/enfp\/","og_locale":"fr_FR","og_type":"article","og_title":"ENFP - Kezakoo SUP","og_description":"Les ENFP sont parfois surnomm\u00e9s &#8220;les campagnons&#8221; en raison de leur enthousiasme \u00e0 aider les autres \u00e0 r\u00e9aliser leurs r\u00eaves. Si tu es un ENFP, alors tu es un cr\u00e9ateur centr\u00e9 sur l&#8217;\u00eatre humain, qui met l&#8217;accent sur les possibilit\u00e9s et un enthousiasme contagieux autour d&#8217;id\u00e9es, de personnes et d&#8217;activit\u00e9s originales. \u00c9nergique, chaleureux et passionn\u00e9, [&hellip;]","og_url":"https:\/\/www.kezakoo.com\/sup\/enfp\/","og_site_name":"Kezakoo SUP","article_publisher":"https:\/\/facebook.com\/kezakoo","article_modified_time":"2019-07-09T18:01:53+00:00","og_image":[{"width":1900,"height":1268,"url":"https:\/\/www.kezakoo.com\/sup\/wp-content\/uploads\/2017\/04\/sup.jpg","type":"image\/jpeg"}],"twitter_card":"summary_large_image","twitter_misc":{"Dur\u00e9e de lecture estim\u00e9e":"1 minute"},"schema":{"@context":"https:\/\/schema.org","@graph":[{"@type":"WebPage","@id":"https:\/\/www.kezakoo.com\/sup\/enfp\/","url":"https:\/\/www.kezakoo.com\/sup\/enfp\/","name":"ENFP - Kezakoo SUP","isPartOf":{"@id":"https:\/\/www.kezakoo.com\/sup\/ar\/#website"},"datePublished":"2019-06-24T14:43:15+00:00","dateModified":"2019-07-09T18:01:53+00:00","breadcrumb":{"@id":"https:\/\/www.kezakoo.com\/sup\/enfp\/#breadcrumb"},"inLanguage":"fr-FR","potentialAction":[{"@type":"ReadAction","target":["https:\/\/www.kezakoo.com\/sup\/enfp\/"]}]},{"@type":"BreadcrumbList","@id":"https:\/\/www.kezakoo.com\/sup\/enfp\/#breadcrumb","itemListElement":[{"@type":"ListItem","position":1,"name":"Accueil","item":"https:\/\/www.kezakoo.com\/sup\/"},{"@type":"ListItem","position":2,"name":"ENFP"}]},{"@type":"WebSite","@id":"https:\/\/www.kezakoo.com\/sup\/ar\/#website","url":"https:\/\/www.kezakoo.com\/sup\/ar\/","name":"Kezakoo SUP","description":"La r\u00e9f\u00e9rence de l&#039;enseignement sup\u00e9rieur au Maroc","publisher":{"@id":"https:\/\/www.kezakoo.com\/sup\/ar\/#organization"},"potentialAction":[{"@type":"SearchAction","target":{"@type":"EntryPoint","urlTemplate":"https:\/\/www.kezakoo.com\/sup\/ar\/?s={search_term_string}"},"query-input":{"@type":"PropertyValueSpecification","valueRequired":true,"valueName":"search_term_string"}}],"inLanguage":"fr-FR"},{"@type":"Organization","@id":"https:\/\/www.kezakoo.com\/sup\/ar\/#organization","name":"Kezakoo","url":"https:\/\/www.kezakoo.com\/sup\/ar\/","logo":{"@type":"ImageObject","inLanguage":"fr-FR","@id":"https:\/\/www.kezakoo.com\/sup\/ar\/#\/schema\/logo\/image\/","url":"https:\/\/kezakoo.com\/sup\/wp-content\/uploads\/2017\/04\/Logo_Kezakoo_black_orange.png","contentUrl":"https:\/\/kezakoo.com\/sup\/wp-content\/uploads\/2017\/04\/Logo_Kezakoo_black_orange.png","width":1086,"height":308,"caption":"Kezakoo"},"image":{"@id":"https:\/\/www.kezakoo.com\/sup\/ar\/#\/schema\/logo\/image\/"},"sameAs":["https:\/\/facebook.com\/kezakoo","https:\/\/www.linkedin.com\/company\/kezakoo","https:\/\/www.youtube.com\/user\/kezakoo1"]}]}},"lang":"fr","translations":{"ar":4880,"fr":2934},"pll_sync_post":[],"_links":{"self":[{"href":"https:\/\/www.kezakoo.com\/sup\/wp-json\/wp\/v2\/pages\/2934","targetHints":{"allow":["GET"]}}],"collection":[{"href":"https:\/\/www.kezakoo.com\/sup\/wp-json\/wp\/v2\/pages"}],"about":[{"href":"https:\/\/www.kezakoo.com\/sup\/wp-json\/wp\/v2\/types\/page"}],"author":[{"embeddable":true,"href":"https:\/\/www.kezakoo.com\/sup\/wp-json\/wp\/v2\/users\/1"}],"replies":[{"embeddable":true,"href":"https:\/\/www.kezakoo.com\/sup\/wp-json\/wp\/v2\/comments?post=2934"}],"version-history":[{"count":21,"href":"https:\/\/www.kezakoo.com\/sup\/wp-json\/wp\/v2\/pages\/2934\/revisions"}],"predecessor-version":[{"id":3255,"href":"https:\/\/www.kezakoo.com\/sup\/wp-json\/wp\/v2\/pages\/2934\/revisions\/3255"}],"wp:attachment":[{"href":"https:\/\/www.kezakoo.com\/sup\/wp-json\/wp\/v2\/media?parent=2934"}],"curies":[{"name":"wp","href":"https:\/\/api.w.org\/{rel}","templated":true}]}}