{"id":2940,"date":"2019-06-24T16:43:53","date_gmt":"2019-06-24T14:43:53","guid":{"rendered":"https:\/\/sup.kezakoo.com\/?page_id=2940"},"modified":"2019-09-03T19:09:50","modified_gmt":"2019-09-03T17:09:50","slug":"estj","status":"publish","type":"page","link":"https:\/\/www.kezakoo.com\/sup\/estj\/","title":{"rendered":"ESTJ"},"content":{"rendered":"<p>Les ESTJ sont des travailleurs traditionalistes, d\u00e9sireux de prendre en charge l&#8217;organisation de projets et de personnes. Ordonn\u00e9s, respectueux des r\u00e8gles et consciencieux, ils aimes faire avancer les choses et ont tendance \u00e0 mener les projets de fa\u00e7on syst\u00e9matique et m\u00e9thodique.<\/p>\n<p>En environnement de travail, les ESTJ aiment apporter la structure et l&#8217;organisation. Ils valorisent la pr\u00e9visibilit\u00e9 et pr\u00e9f\u00e8rent que les choses se d\u00e9roulent dans un ordre logique. Lorsqu&#8217;ils constatent un manque d&#8217;organisation, ils prennent souvent l&#8217;initiative d&#8217;\u00e9tablir des processus et des lignes directrices, afin que chacun sache ce qui est attendu de lui et de comment le r\u00e9sultat final doit \u00eatre.<\/p>\n<h3>Quelles sont les motivations d&#8217;un ESTJ ?<\/h3>\n<p>Les personnes de cette personnalit\u00e9 sont conventionnels, factuels et ont les pieds sur terre. Pour eux, la preuve est dans le pass\u00e9 : ce qui a fonctionn\u00e9 et ce qui a \u00e9t\u00e9 fait auparavant. Ils pr\u00e9f\u00e8rent les preuves aux conjectures et\u00a0ils se fient plus \u00e0 leur exp\u00e9rience personnelle pour prendre des d\u00e9cisions.<\/p>\n<p>En tant que ESTJ, tu recherches des r\u00e8gles \u00e0 suivre et des normes \u00e0 respecter, et joues souvent un r\u00f4le de chef de file en aidant d&#8217;autres personnes \u00e0 r\u00e9pondre \u00e9galement aux attentes. Tu te pr\u00e9occupes du maintien de l&#8217;ordre social et de celui des autres.<\/p>\n<p>Les ESTJ\u00a0comme toi jouent souvent un r\u00f4le de gestionnaire de projet \u00e0 la maison et au travail, et ils excellent dans l&#8217;\u00e9tablissement d&#8217;objectifs, la prise de d\u00e9cisions et l&#8217;organisation des ressources pour accomplir une t\u00e2che. En g\u00e9n\u00e9ral, l&#8217;ESTJ veut atteindre une productivit\u00e9 efficace et croit g\u00e9n\u00e9ralement que la meilleure fa\u00e7on d&#8217;y parvenir est de bien organiser les gens et les syst\u00e8mes.<\/p>\n","protected":false},"excerpt":{"rendered":"<p>Les ESTJ sont des travailleurs traditionalistes, d\u00e9sireux de prendre en charge l&#8217;organisation de projets et de personnes. Ordonn\u00e9s, respectueux des r\u00e8gles et consciencieux, ils aimes faire avancer les choses et ont tendance \u00e0 mener les projets de fa\u00e7on syst\u00e9matique et m\u00e9thodique. En environnement de travail, les ESTJ aiment apporter la structure et l&#8217;organisation. Ils valorisent [&hellip;]<\/p>\n","protected":false},"author":1,"featured_media":0,"parent":0,"menu_order":0,"comment_status":"closed","ping_status":"closed","template":"personality-page.php","meta":{"_acf_changed":false,"footnotes":""},"class_list":["post-2940","page","type-page","status-publish","hentry"],"acf":[],"yoast_head":"<!-- This site is optimized with the Yoast SEO plugin v26.7 - https:\/\/yoast.com\/wordpress\/plugins\/seo\/ -->\n<title>ESTJ - Kezakoo SUP<\/title>\n<meta name=\"robots\" content=\"index, follow, max-snippet:-1, max-image-preview:large, max-video-preview:-1\" \/>\n<link rel=\"canonical\" href=\"https:\/\/www.kezakoo.com\/sup\/estj\/\" \/>\n<meta property=\"og:locale\" content=\"fr_FR\" \/>\n<meta property=\"og:type\" content=\"article\" \/>\n<meta property=\"og:title\" content=\"ESTJ - Kezakoo SUP\" \/>\n<meta property=\"og:description\" content=\"Les ESTJ sont des travailleurs traditionalistes, d\u00e9sireux de prendre en charge l&#8217;organisation de projets et de personnes. Ordonn\u00e9s, respectueux des r\u00e8gles et consciencieux, ils aimes faire avancer les choses et ont tendance \u00e0 mener les projets de fa\u00e7on syst\u00e9matique et m\u00e9thodique. En environnement de travail, les ESTJ aiment apporter la structure et l&#8217;organisation. Ils valorisent [&hellip;]\" \/>\n<meta property=\"og:url\" content=\"https:\/\/www.kezakoo.com\/sup\/estj\/\" \/>\n<meta property=\"og:site_name\" content=\"Kezakoo SUP\" \/>\n<meta property=\"article:publisher\" content=\"https:\/\/facebook.com\/kezakoo\" \/>\n<meta property=\"article:modified_time\" content=\"2019-09-03T17:09:50+00:00\" \/>\n<meta property=\"og:image\" content=\"https:\/\/www.kezakoo.com\/sup\/wp-content\/uploads\/2017\/04\/sup.jpg\" \/>\n\t<meta property=\"og:image:width\" content=\"1900\" \/>\n\t<meta property=\"og:image:height\" content=\"1268\" \/>\n\t<meta property=\"og:image:type\" content=\"image\/jpeg\" \/>\n<meta name=\"twitter:card\" content=\"summary_large_image\" \/>\n<meta name=\"twitter:label1\" content=\"Dur\u00e9e de lecture estim\u00e9e\" \/>\n\t<meta name=\"twitter:data1\" content=\"1 minute\" \/>\n<script type=\"application\/ld+json\" class=\"yoast-schema-graph\">{\"@context\":\"https:\/\/schema.org\",\"@graph\":[{\"@type\":\"WebPage\",\"@id\":\"https:\/\/www.kezakoo.com\/sup\/estj\/\",\"url\":\"https:\/\/www.kezakoo.com\/sup\/estj\/\",\"name\":\"ESTJ - Kezakoo SUP\",\"isPartOf\":{\"@id\":\"https:\/\/www.kezakoo.com\/sup\/ar\/#website\"},\"datePublished\":\"2019-06-24T14:43:53+00:00\",\"dateModified\":\"2019-09-03T17:09:50+00:00\",\"breadcrumb\":{\"@id\":\"https:\/\/www.kezakoo.com\/sup\/estj\/#breadcrumb\"},\"inLanguage\":\"fr-FR\",\"potentialAction\":[{\"@type\":\"ReadAction\",\"target\":[\"https:\/\/www.kezakoo.com\/sup\/estj\/\"]}]},{\"@type\":\"BreadcrumbList\",\"@id\":\"https:\/\/www.kezakoo.com\/sup\/estj\/#breadcrumb\",\"itemListElement\":[{\"@type\":\"ListItem\",\"position\":1,\"name\":\"Accueil\",\"item\":\"https:\/\/www.kezakoo.com\/sup\/\"},{\"@type\":\"ListItem\",\"position\":2,\"name\":\"ESTJ\"}]},{\"@type\":\"WebSite\",\"@id\":\"https:\/\/www.kezakoo.com\/sup\/ar\/#website\",\"url\":\"https:\/\/www.kezakoo.com\/sup\/ar\/\",\"name\":\"Kezakoo SUP\",\"description\":\"La r\u00e9f\u00e9rence de l&#039;enseignement sup\u00e9rieur au Maroc\",\"publisher\":{\"@id\":\"https:\/\/www.kezakoo.com\/sup\/ar\/#organization\"},\"potentialAction\":[{\"@type\":\"SearchAction\",\"target\":{\"@type\":\"EntryPoint\",\"urlTemplate\":\"https:\/\/www.kezakoo.com\/sup\/ar\/?s={search_term_string}\"},\"query-input\":{\"@type\":\"PropertyValueSpecification\",\"valueRequired\":true,\"valueName\":\"search_term_string\"}}],\"inLanguage\":\"fr-FR\"},{\"@type\":\"Organization\",\"@id\":\"https:\/\/www.kezakoo.com\/sup\/ar\/#organization\",\"name\":\"Kezakoo\",\"url\":\"https:\/\/www.kezakoo.com\/sup\/ar\/\",\"logo\":{\"@type\":\"ImageObject\",\"inLanguage\":\"fr-FR\",\"@id\":\"https:\/\/www.kezakoo.com\/sup\/ar\/#\/schema\/logo\/image\/\",\"url\":\"https:\/\/kezakoo.com\/sup\/wp-content\/uploads\/2017\/04\/Logo_Kezakoo_black_orange.png\",\"contentUrl\":\"https:\/\/kezakoo.com\/sup\/wp-content\/uploads\/2017\/04\/Logo_Kezakoo_black_orange.png\",\"width\":1086,\"height\":308,\"caption\":\"Kezakoo\"},\"image\":{\"@id\":\"https:\/\/www.kezakoo.com\/sup\/ar\/#\/schema\/logo\/image\/\"},\"sameAs\":[\"https:\/\/facebook.com\/kezakoo\",\"https:\/\/www.linkedin.com\/company\/kezakoo\",\"https:\/\/www.youtube.com\/user\/kezakoo1\"]}]}<\/script>\n<!-- \/ Yoast SEO plugin. -->","yoast_head_json":{"title":"ESTJ - Kezakoo SUP","robots":{"index":"index","follow":"follow","max-snippet":"max-snippet:-1","max-image-preview":"max-image-preview:large","max-video-preview":"max-video-preview:-1"},"canonical":"https:\/\/www.kezakoo.com\/sup\/estj\/","og_locale":"fr_FR","og_type":"article","og_title":"ESTJ - Kezakoo SUP","og_description":"Les ESTJ sont des travailleurs traditionalistes, d\u00e9sireux de prendre en charge l&#8217;organisation de projets et de personnes. Ordonn\u00e9s, respectueux des r\u00e8gles et consciencieux, ils aimes faire avancer les choses et ont tendance \u00e0 mener les projets de fa\u00e7on syst\u00e9matique et m\u00e9thodique. En environnement de travail, les ESTJ aiment apporter la structure et l&#8217;organisation. Ils valorisent [&hellip;]","og_url":"https:\/\/www.kezakoo.com\/sup\/estj\/","og_site_name":"Kezakoo SUP","article_publisher":"https:\/\/facebook.com\/kezakoo","article_modified_time":"2019-09-03T17:09:50+00:00","og_image":[{"width":1900,"height":1268,"url":"https:\/\/www.kezakoo.com\/sup\/wp-content\/uploads\/2017\/04\/sup.jpg","type":"image\/jpeg"}],"twitter_card":"summary_large_image","twitter_misc":{"Dur\u00e9e de lecture estim\u00e9e":"1 minute"},"schema":{"@context":"https:\/\/schema.org","@graph":[{"@type":"WebPage","@id":"https:\/\/www.kezakoo.com\/sup\/estj\/","url":"https:\/\/www.kezakoo.com\/sup\/estj\/","name":"ESTJ - Kezakoo SUP","isPartOf":{"@id":"https:\/\/www.kezakoo.com\/sup\/ar\/#website"},"datePublished":"2019-06-24T14:43:53+00:00","dateModified":"2019-09-03T17:09:50+00:00","breadcrumb":{"@id":"https:\/\/www.kezakoo.com\/sup\/estj\/#breadcrumb"},"inLanguage":"fr-FR","potentialAction":[{"@type":"ReadAction","target":["https:\/\/www.kezakoo.com\/sup\/estj\/"]}]},{"@type":"BreadcrumbList","@id":"https:\/\/www.kezakoo.com\/sup\/estj\/#breadcrumb","itemListElement":[{"@type":"ListItem","position":1,"name":"Accueil","item":"https:\/\/www.kezakoo.com\/sup\/"},{"@type":"ListItem","position":2,"name":"ESTJ"}]},{"@type":"WebSite","@id":"https:\/\/www.kezakoo.com\/sup\/ar\/#website","url":"https:\/\/www.kezakoo.com\/sup\/ar\/","name":"Kezakoo SUP","description":"La r\u00e9f\u00e9rence de l&#039;enseignement sup\u00e9rieur au Maroc","publisher":{"@id":"https:\/\/www.kezakoo.com\/sup\/ar\/#organization"},"potentialAction":[{"@type":"SearchAction","target":{"@type":"EntryPoint","urlTemplate":"https:\/\/www.kezakoo.com\/sup\/ar\/?s={search_term_string}"},"query-input":{"@type":"PropertyValueSpecification","valueRequired":true,"valueName":"search_term_string"}}],"inLanguage":"fr-FR"},{"@type":"Organization","@id":"https:\/\/www.kezakoo.com\/sup\/ar\/#organization","name":"Kezakoo","url":"https:\/\/www.kezakoo.com\/sup\/ar\/","logo":{"@type":"ImageObject","inLanguage":"fr-FR","@id":"https:\/\/www.kezakoo.com\/sup\/ar\/#\/schema\/logo\/image\/","url":"https:\/\/kezakoo.com\/sup\/wp-content\/uploads\/2017\/04\/Logo_Kezakoo_black_orange.png","contentUrl":"https:\/\/kezakoo.com\/sup\/wp-content\/uploads\/2017\/04\/Logo_Kezakoo_black_orange.png","width":1086,"height":308,"caption":"Kezakoo"},"image":{"@id":"https:\/\/www.kezakoo.com\/sup\/ar\/#\/schema\/logo\/image\/"},"sameAs":["https:\/\/facebook.com\/kezakoo","https:\/\/www.linkedin.com\/company\/kezakoo","https:\/\/www.youtube.com\/user\/kezakoo1"]}]}},"lang":"fr","translations":{"ar":6088,"fr":2940},"pll_sync_post":[],"_links":{"self":[{"href":"https:\/\/www.kezakoo.com\/sup\/wp-json\/wp\/v2\/pages\/2940","targetHints":{"allow":["GET"]}}],"collection":[{"href":"https:\/\/www.kezakoo.com\/sup\/wp-json\/wp\/v2\/pages"}],"about":[{"href":"https:\/\/www.kezakoo.com\/sup\/wp-json\/wp\/v2\/types\/page"}],"author":[{"embeddable":true,"href":"https:\/\/www.kezakoo.com\/sup\/wp-json\/wp\/v2\/users\/1"}],"replies":[{"embeddable":true,"href":"https:\/\/www.kezakoo.com\/sup\/wp-json\/wp\/v2\/comments?post=2940"}],"version-history":[{"count":17,"href":"https:\/\/www.kezakoo.com\/sup\/wp-json\/wp\/v2\/pages\/2940\/revisions"}],"predecessor-version":[{"id":3529,"href":"https:\/\/www.kezakoo.com\/sup\/wp-json\/wp\/v2\/pages\/2940\/revisions\/3529"}],"wp:attachment":[{"href":"https:\/\/www.kezakoo.com\/sup\/wp-json\/wp\/v2\/media?parent=2940"}],"curies":[{"name":"wp","href":"https:\/\/api.w.org\/{rel}","templated":true}]}}