{"id":2946,"date":"2019-06-24T16:44:29","date_gmt":"2019-06-24T14:44:29","guid":{"rendered":"https:\/\/sup.kezakoo.com\/?page_id=2946"},"modified":"2020-05-14T13:02:09","modified_gmt":"2020-05-14T11:02:09","slug":"intj","status":"publish","type":"page","link":"https:\/\/www.kezakoo.com\/sup\/intj\/","title":{"rendered":"INTJ"},"content":{"rendered":"<p><span style=\"font-weight: 400;\">Les INTJ sont de grands analystes, d\u00e9sireux d&#8217;am\u00e9liorer les syst\u00e8mes et les processus gr\u00e2ce \u00e0 leurs id\u00e9es innovantes. Ils ont ce don de voir les possibilit\u00e9s d&#8217;am\u00e9lioration, que ce soit au travail, \u00e0 la maison ou en soi-m\u00eame.<\/span><\/p>\n<p><span style=\"font-weight: 400;\">Souvent intellectuels, ils appr\u00e9cient le raisonnement logique et la r\u00e9solution de probl\u00e8mes. Ils abordent la vie en analysant la th\u00e9orie et se concentrent g\u00e9n\u00e9ralement sur leur propre \u00e9tude r\u00e9fl\u00e9chie du monde qui les entoure. Ils sont attir\u00e9s par les syst\u00e8mes logiques et beaucoup moins \u00e0 l&#8217;aise avec la nature impr\u00e9visible des autres personnes et de leurs \u00e9motions. <\/span><\/p>\n<p><span style=\"font-weight: 400;\">Ils sont g\u00e9n\u00e9ralement ind\u00e9pendants et s\u00e9lectifs dans leurs relations, pr\u00e9f\u00e9rant s&#8217;associer \u00e0 des personnes qu&#8217;ils trouvent stimulantes sur le plan intellectuel.<\/span><\/p>\n<p><b>Quelles sont les motivations d&#8217;un INTJ ?<\/b><\/p>\n<p><span style=\"font-weight: 400;\">L&#8217;INTJ est en grande partie motiv\u00e9 par sa conviction que le monde a beaucoup de potentiel et de possibilit\u00e9s. Jamais content de laisser les choses tel quel, il pense toujours qu&#8217;il doit y avoir une meilleure solution.\u00a0<\/span><\/p>\n<p><span style=\"font-weight: 400;\">Les INTJ sont \u00e9galement motiv\u00e9s par la possibilit\u00e9 de devenir les meilleurs dans leur domaine. Ils cherchent \u00e0 devenir des ma\u00eetres, \u00e0 d\u00e9chiffrer les codes et \u00e0 d\u00e9couvrir LA solution. Quel que soit leur domaine ou leur centre d\u2019int\u00e9r\u00eat, ils continueront \u00e0 perfectionner leurs connaissances et leurs comp\u00e9tences pour atteindre le sommet.\u00a0<\/span><\/p>\n<p><span style=\"font-weight: 400;\">En tant que strat\u00e8ge naturel, tu es continuellement stimul\u00e9 par le prochain probl\u00e8me \u00e0 r\u00e9soudre ou par un syst\u00e8me \u00e0 rationaliser. Sans te laisser d\u00e9courager par les d\u00e9fis ou les difficult\u00e9s, tu les consid\u00e8res non seulement comme faisant partie de la vie, mais aussi comme des opportunit\u00e9s.<\/span><\/p>\n<p>&nbsp;<\/p>\n","protected":false},"excerpt":{"rendered":"<p>Les INTJ sont de grands analystes, d\u00e9sireux d&#8217;am\u00e9liorer les syst\u00e8mes et les processus gr\u00e2ce \u00e0 leurs id\u00e9es innovantes. Ils ont ce don de voir les possibilit\u00e9s d&#8217;am\u00e9lioration, que ce soit au travail, \u00e0 la maison ou en soi-m\u00eame. Souvent intellectuels, ils appr\u00e9cient le raisonnement logique et la r\u00e9solution de probl\u00e8mes. Ils abordent la vie en [&hellip;]<\/p>\n","protected":false},"author":1,"featured_media":0,"parent":0,"menu_order":0,"comment_status":"closed","ping_status":"closed","template":"personality-page.php","meta":{"_acf_changed":false,"footnotes":""},"class_list":["post-2946","page","type-page","status-publish","hentry"],"acf":[],"yoast_head":"<!-- This site is optimized with the Yoast SEO plugin v26.7 - https:\/\/yoast.com\/wordpress\/plugins\/seo\/ -->\n<title>INTJ - Kezakoo SUP<\/title>\n<meta name=\"robots\" content=\"index, follow, max-snippet:-1, max-image-preview:large, max-video-preview:-1\" \/>\n<link rel=\"canonical\" href=\"https:\/\/www.kezakoo.com\/sup\/intj\/\" \/>\n<meta property=\"og:locale\" content=\"fr_FR\" \/>\n<meta property=\"og:type\" content=\"article\" \/>\n<meta property=\"og:title\" content=\"INTJ - Kezakoo SUP\" \/>\n<meta property=\"og:description\" content=\"Les INTJ sont de grands analystes, d\u00e9sireux d&#8217;am\u00e9liorer les syst\u00e8mes et les processus gr\u00e2ce \u00e0 leurs id\u00e9es innovantes. Ils ont ce don de voir les possibilit\u00e9s d&#8217;am\u00e9lioration, que ce soit au travail, \u00e0 la maison ou en soi-m\u00eame. Souvent intellectuels, ils appr\u00e9cient le raisonnement logique et la r\u00e9solution de probl\u00e8mes. Ils abordent la vie en [&hellip;]\" \/>\n<meta property=\"og:url\" content=\"https:\/\/www.kezakoo.com\/sup\/intj\/\" \/>\n<meta property=\"og:site_name\" content=\"Kezakoo SUP\" \/>\n<meta property=\"article:publisher\" content=\"https:\/\/facebook.com\/kezakoo\" \/>\n<meta property=\"article:modified_time\" content=\"2020-05-14T11:02:09+00:00\" \/>\n<meta property=\"og:image\" content=\"https:\/\/www.kezakoo.com\/sup\/wp-content\/uploads\/2017\/04\/sup.jpg\" \/>\n\t<meta property=\"og:image:width\" content=\"1900\" \/>\n\t<meta property=\"og:image:height\" content=\"1268\" \/>\n\t<meta property=\"og:image:type\" content=\"image\/jpeg\" \/>\n<meta name=\"twitter:card\" content=\"summary_large_image\" \/>\n<meta name=\"twitter:label1\" content=\"Dur\u00e9e de lecture estim\u00e9e\" \/>\n\t<meta name=\"twitter:data1\" content=\"1 minute\" \/>\n<script type=\"application\/ld+json\" class=\"yoast-schema-graph\">{\"@context\":\"https:\/\/schema.org\",\"@graph\":[{\"@type\":\"WebPage\",\"@id\":\"https:\/\/www.kezakoo.com\/sup\/intj\/\",\"url\":\"https:\/\/www.kezakoo.com\/sup\/intj\/\",\"name\":\"INTJ - Kezakoo SUP\",\"isPartOf\":{\"@id\":\"https:\/\/www.kezakoo.com\/sup\/ar\/#website\"},\"datePublished\":\"2019-06-24T14:44:29+00:00\",\"dateModified\":\"2020-05-14T11:02:09+00:00\",\"breadcrumb\":{\"@id\":\"https:\/\/www.kezakoo.com\/sup\/intj\/#breadcrumb\"},\"inLanguage\":\"fr-FR\",\"potentialAction\":[{\"@type\":\"ReadAction\",\"target\":[\"https:\/\/www.kezakoo.com\/sup\/intj\/\"]}]},{\"@type\":\"BreadcrumbList\",\"@id\":\"https:\/\/www.kezakoo.com\/sup\/intj\/#breadcrumb\",\"itemListElement\":[{\"@type\":\"ListItem\",\"position\":1,\"name\":\"Accueil\",\"item\":\"https:\/\/www.kezakoo.com\/sup\/\"},{\"@type\":\"ListItem\",\"position\":2,\"name\":\"INTJ\"}]},{\"@type\":\"WebSite\",\"@id\":\"https:\/\/www.kezakoo.com\/sup\/ar\/#website\",\"url\":\"https:\/\/www.kezakoo.com\/sup\/ar\/\",\"name\":\"Kezakoo SUP\",\"description\":\"La r\u00e9f\u00e9rence de l&#039;enseignement sup\u00e9rieur au Maroc\",\"publisher\":{\"@id\":\"https:\/\/www.kezakoo.com\/sup\/ar\/#organization\"},\"potentialAction\":[{\"@type\":\"SearchAction\",\"target\":{\"@type\":\"EntryPoint\",\"urlTemplate\":\"https:\/\/www.kezakoo.com\/sup\/ar\/?s={search_term_string}\"},\"query-input\":{\"@type\":\"PropertyValueSpecification\",\"valueRequired\":true,\"valueName\":\"search_term_string\"}}],\"inLanguage\":\"fr-FR\"},{\"@type\":\"Organization\",\"@id\":\"https:\/\/www.kezakoo.com\/sup\/ar\/#organization\",\"name\":\"Kezakoo\",\"url\":\"https:\/\/www.kezakoo.com\/sup\/ar\/\",\"logo\":{\"@type\":\"ImageObject\",\"inLanguage\":\"fr-FR\",\"@id\":\"https:\/\/www.kezakoo.com\/sup\/ar\/#\/schema\/logo\/image\/\",\"url\":\"https:\/\/kezakoo.com\/sup\/wp-content\/uploads\/2017\/04\/Logo_Kezakoo_black_orange.png\",\"contentUrl\":\"https:\/\/kezakoo.com\/sup\/wp-content\/uploads\/2017\/04\/Logo_Kezakoo_black_orange.png\",\"width\":1086,\"height\":308,\"caption\":\"Kezakoo\"},\"image\":{\"@id\":\"https:\/\/www.kezakoo.com\/sup\/ar\/#\/schema\/logo\/image\/\"},\"sameAs\":[\"https:\/\/facebook.com\/kezakoo\",\"https:\/\/www.linkedin.com\/company\/kezakoo\",\"https:\/\/www.youtube.com\/user\/kezakoo1\"]}]}<\/script>\n<!-- \/ Yoast SEO plugin. -->","yoast_head_json":{"title":"INTJ - Kezakoo SUP","robots":{"index":"index","follow":"follow","max-snippet":"max-snippet:-1","max-image-preview":"max-image-preview:large","max-video-preview":"max-video-preview:-1"},"canonical":"https:\/\/www.kezakoo.com\/sup\/intj\/","og_locale":"fr_FR","og_type":"article","og_title":"INTJ - Kezakoo SUP","og_description":"Les INTJ sont de grands analystes, d\u00e9sireux d&#8217;am\u00e9liorer les syst\u00e8mes et les processus gr\u00e2ce \u00e0 leurs id\u00e9es innovantes. Ils ont ce don de voir les possibilit\u00e9s d&#8217;am\u00e9lioration, que ce soit au travail, \u00e0 la maison ou en soi-m\u00eame. Souvent intellectuels, ils appr\u00e9cient le raisonnement logique et la r\u00e9solution de probl\u00e8mes. Ils abordent la vie en [&hellip;]","og_url":"https:\/\/www.kezakoo.com\/sup\/intj\/","og_site_name":"Kezakoo SUP","article_publisher":"https:\/\/facebook.com\/kezakoo","article_modified_time":"2020-05-14T11:02:09+00:00","og_image":[{"width":1900,"height":1268,"url":"https:\/\/www.kezakoo.com\/sup\/wp-content\/uploads\/2017\/04\/sup.jpg","type":"image\/jpeg"}],"twitter_card":"summary_large_image","twitter_misc":{"Dur\u00e9e de lecture estim\u00e9e":"1 minute"},"schema":{"@context":"https:\/\/schema.org","@graph":[{"@type":"WebPage","@id":"https:\/\/www.kezakoo.com\/sup\/intj\/","url":"https:\/\/www.kezakoo.com\/sup\/intj\/","name":"INTJ - Kezakoo SUP","isPartOf":{"@id":"https:\/\/www.kezakoo.com\/sup\/ar\/#website"},"datePublished":"2019-06-24T14:44:29+00:00","dateModified":"2020-05-14T11:02:09+00:00","breadcrumb":{"@id":"https:\/\/www.kezakoo.com\/sup\/intj\/#breadcrumb"},"inLanguage":"fr-FR","potentialAction":[{"@type":"ReadAction","target":["https:\/\/www.kezakoo.com\/sup\/intj\/"]}]},{"@type":"BreadcrumbList","@id":"https:\/\/www.kezakoo.com\/sup\/intj\/#breadcrumb","itemListElement":[{"@type":"ListItem","position":1,"name":"Accueil","item":"https:\/\/www.kezakoo.com\/sup\/"},{"@type":"ListItem","position":2,"name":"INTJ"}]},{"@type":"WebSite","@id":"https:\/\/www.kezakoo.com\/sup\/ar\/#website","url":"https:\/\/www.kezakoo.com\/sup\/ar\/","name":"Kezakoo SUP","description":"La r\u00e9f\u00e9rence de l&#039;enseignement sup\u00e9rieur au Maroc","publisher":{"@id":"https:\/\/www.kezakoo.com\/sup\/ar\/#organization"},"potentialAction":[{"@type":"SearchAction","target":{"@type":"EntryPoint","urlTemplate":"https:\/\/www.kezakoo.com\/sup\/ar\/?s={search_term_string}"},"query-input":{"@type":"PropertyValueSpecification","valueRequired":true,"valueName":"search_term_string"}}],"inLanguage":"fr-FR"},{"@type":"Organization","@id":"https:\/\/www.kezakoo.com\/sup\/ar\/#organization","name":"Kezakoo","url":"https:\/\/www.kezakoo.com\/sup\/ar\/","logo":{"@type":"ImageObject","inLanguage":"fr-FR","@id":"https:\/\/www.kezakoo.com\/sup\/ar\/#\/schema\/logo\/image\/","url":"https:\/\/kezakoo.com\/sup\/wp-content\/uploads\/2017\/04\/Logo_Kezakoo_black_orange.png","contentUrl":"https:\/\/kezakoo.com\/sup\/wp-content\/uploads\/2017\/04\/Logo_Kezakoo_black_orange.png","width":1086,"height":308,"caption":"Kezakoo"},"image":{"@id":"https:\/\/www.kezakoo.com\/sup\/ar\/#\/schema\/logo\/image\/"},"sameAs":["https:\/\/facebook.com\/kezakoo","https:\/\/www.linkedin.com\/company\/kezakoo","https:\/\/www.youtube.com\/user\/kezakoo1"]}]}},"lang":"fr","translations":{"ar":4551,"fr":2946},"pll_sync_post":[],"_links":{"self":[{"href":"https:\/\/www.kezakoo.com\/sup\/wp-json\/wp\/v2\/pages\/2946","targetHints":{"allow":["GET"]}}],"collection":[{"href":"https:\/\/www.kezakoo.com\/sup\/wp-json\/wp\/v2\/pages"}],"about":[{"href":"https:\/\/www.kezakoo.com\/sup\/wp-json\/wp\/v2\/types\/page"}],"author":[{"embeddable":true,"href":"https:\/\/www.kezakoo.com\/sup\/wp-json\/wp\/v2\/users\/1"}],"replies":[{"embeddable":true,"href":"https:\/\/www.kezakoo.com\/sup\/wp-json\/wp\/v2\/comments?post=2946"}],"version-history":[{"count":11,"href":"https:\/\/www.kezakoo.com\/sup\/wp-json\/wp\/v2\/pages\/2946\/revisions"}],"predecessor-version":[{"id":3751,"href":"https:\/\/www.kezakoo.com\/sup\/wp-json\/wp\/v2\/pages\/2946\/revisions\/3751"}],"wp:attachment":[{"href":"https:\/\/www.kezakoo.com\/sup\/wp-json\/wp\/v2\/media?parent=2946"}],"curies":[{"name":"wp","href":"https:\/\/api.w.org\/{rel}","templated":true}]}}