{"id":2948,"date":"2019-06-24T16:44:44","date_gmt":"2019-06-24T14:44:44","guid":{"rendered":"https:\/\/sup.kezakoo.com\/?page_id=2948"},"modified":"2020-05-14T14:08:00","modified_gmt":"2020-05-14T12:08:00","slug":"isfp","status":"publish","type":"page","link":"https:\/\/www.kezakoo.com\/sup\/isfp\/","title":{"rendered":"ISFP"},"content":{"rendered":"<p><span style=\"font-weight: 400;\">Les ISFP sont des protecteurs flexibles et spontan\u00e9s qui vivent dans le moment pr\u00e9sent et appr\u00e9cient leur environnement avec un enthousiasme joyeux et discret. Les ISFP sont connus pour \u00eatre silencieux et sans pr\u00e9tention, et peuvent \u00eatre difficiles \u00e0 conna\u00eetre. Cependant, pour ceux qui les connaissent bien, ils sont chaleureux et amicaux, d\u00e9sireux de partager les nombreuses exp\u00e9riences de la vie.<\/span><\/p>\n<p><span style=\"font-weight: 400;\">Les ISFP ont un fort sens esth\u00e9tique et recherchent la beaut\u00e9 dans leur environnement. Ils sont \u00e0 l&#8217;\u00e9coute de l&#8217;exp\u00e9rience sensorielle et ont souvent un talent naturel pour les arts. Ils excellent particuli\u00e8rement dans la manipulation d&#8217;objets et peuvent manier des outils cr\u00e9atifs comme les pinceaux et les couteaux de sculpteur avec une grande ma\u00eetrise.<\/span><\/p>\n<p><b>Quelles sont les motivations des ISFP ?\u00a0<\/b><\/p>\n<p><span style=\"font-weight: 400;\">L&#8217;ISFP a tendance \u00e0 \u00eatre tol\u00e9rant et \u00e0 ne pas porter de jugement, mais il est profond\u00e9ment loyal envers les autres et les causes qu&#8217;il tient \u00e0 coeur. Il s&#8217;efforce d&#8217;accepter et de soutenir les autres, mais il est guid\u00e9 par ses propres valeurs fondamentales.\u00a0<\/span><\/p>\n<p><span style=\"font-weight: 400;\">Les ISFP sont g\u00e9n\u00e9ralement modestes et peuvent se sous-estimer. Ils n\u2019aiment g\u00e9n\u00e9ralement pas \u00eatre sous les feux de la rampe, pr\u00e9f\u00e9rant jouer un r\u00f4le de soutien en \u00e9vitant de planifier et de s&#8217;organiser dans la mesure du possible.<\/span><\/p>\n","protected":false},"excerpt":{"rendered":"<p>Les ISFP sont des protecteurs flexibles et spontan\u00e9s qui vivent dans le moment pr\u00e9sent et appr\u00e9cient leur environnement avec un enthousiasme joyeux et discret. Les ISFP sont connus pour \u00eatre silencieux et sans pr\u00e9tention, et peuvent \u00eatre difficiles \u00e0 conna\u00eetre. Cependant, pour ceux qui les connaissent bien, ils sont chaleureux et amicaux, d\u00e9sireux de partager [&hellip;]<\/p>\n","protected":false},"author":1,"featured_media":0,"parent":0,"menu_order":0,"comment_status":"closed","ping_status":"closed","template":"personality-page.php","meta":{"_acf_changed":false,"footnotes":""},"class_list":["post-2948","page","type-page","status-publish","hentry"],"acf":[],"yoast_head":"<!-- This site is optimized with the Yoast SEO plugin v26.7 - https:\/\/yoast.com\/wordpress\/plugins\/seo\/ -->\n<title>ISFP - Kezakoo SUP<\/title>\n<meta name=\"robots\" content=\"index, follow, max-snippet:-1, max-image-preview:large, max-video-preview:-1\" \/>\n<link rel=\"canonical\" href=\"https:\/\/www.kezakoo.com\/sup\/isfp\/\" \/>\n<meta property=\"og:locale\" content=\"fr_FR\" \/>\n<meta property=\"og:type\" content=\"article\" \/>\n<meta property=\"og:title\" content=\"ISFP - Kezakoo SUP\" \/>\n<meta property=\"og:description\" content=\"Les ISFP sont des protecteurs flexibles et spontan\u00e9s qui vivent dans le moment pr\u00e9sent et appr\u00e9cient leur environnement avec un enthousiasme joyeux et discret. Les ISFP sont connus pour \u00eatre silencieux et sans pr\u00e9tention, et peuvent \u00eatre difficiles \u00e0 conna\u00eetre. Cependant, pour ceux qui les connaissent bien, ils sont chaleureux et amicaux, d\u00e9sireux de partager [&hellip;]\" \/>\n<meta property=\"og:url\" content=\"https:\/\/www.kezakoo.com\/sup\/isfp\/\" \/>\n<meta property=\"og:site_name\" content=\"Kezakoo SUP\" \/>\n<meta property=\"article:publisher\" content=\"https:\/\/facebook.com\/kezakoo\" \/>\n<meta property=\"article:modified_time\" content=\"2020-05-14T12:08:00+00:00\" \/>\n<meta property=\"og:image\" content=\"https:\/\/www.kezakoo.com\/sup\/wp-content\/uploads\/2017\/04\/sup.jpg\" \/>\n\t<meta property=\"og:image:width\" content=\"1900\" \/>\n\t<meta property=\"og:image:height\" content=\"1268\" \/>\n\t<meta property=\"og:image:type\" content=\"image\/jpeg\" \/>\n<meta name=\"twitter:card\" content=\"summary_large_image\" \/>\n<meta name=\"twitter:label1\" content=\"Dur\u00e9e de lecture estim\u00e9e\" \/>\n\t<meta name=\"twitter:data1\" content=\"1 minute\" \/>\n<script type=\"application\/ld+json\" class=\"yoast-schema-graph\">{\"@context\":\"https:\/\/schema.org\",\"@graph\":[{\"@type\":\"WebPage\",\"@id\":\"https:\/\/www.kezakoo.com\/sup\/isfp\/\",\"url\":\"https:\/\/www.kezakoo.com\/sup\/isfp\/\",\"name\":\"ISFP - Kezakoo SUP\",\"isPartOf\":{\"@id\":\"https:\/\/www.kezakoo.com\/sup\/ar\/#website\"},\"datePublished\":\"2019-06-24T14:44:44+00:00\",\"dateModified\":\"2020-05-14T12:08:00+00:00\",\"breadcrumb\":{\"@id\":\"https:\/\/www.kezakoo.com\/sup\/isfp\/#breadcrumb\"},\"inLanguage\":\"fr-FR\",\"potentialAction\":[{\"@type\":\"ReadAction\",\"target\":[\"https:\/\/www.kezakoo.com\/sup\/isfp\/\"]}]},{\"@type\":\"BreadcrumbList\",\"@id\":\"https:\/\/www.kezakoo.com\/sup\/isfp\/#breadcrumb\",\"itemListElement\":[{\"@type\":\"ListItem\",\"position\":1,\"name\":\"Accueil\",\"item\":\"https:\/\/www.kezakoo.com\/sup\/\"},{\"@type\":\"ListItem\",\"position\":2,\"name\":\"ISFP\"}]},{\"@type\":\"WebSite\",\"@id\":\"https:\/\/www.kezakoo.com\/sup\/ar\/#website\",\"url\":\"https:\/\/www.kezakoo.com\/sup\/ar\/\",\"name\":\"Kezakoo SUP\",\"description\":\"La r\u00e9f\u00e9rence de l&#039;enseignement sup\u00e9rieur au Maroc\",\"publisher\":{\"@id\":\"https:\/\/www.kezakoo.com\/sup\/ar\/#organization\"},\"potentialAction\":[{\"@type\":\"SearchAction\",\"target\":{\"@type\":\"EntryPoint\",\"urlTemplate\":\"https:\/\/www.kezakoo.com\/sup\/ar\/?s={search_term_string}\"},\"query-input\":{\"@type\":\"PropertyValueSpecification\",\"valueRequired\":true,\"valueName\":\"search_term_string\"}}],\"inLanguage\":\"fr-FR\"},{\"@type\":\"Organization\",\"@id\":\"https:\/\/www.kezakoo.com\/sup\/ar\/#organization\",\"name\":\"Kezakoo\",\"url\":\"https:\/\/www.kezakoo.com\/sup\/ar\/\",\"logo\":{\"@type\":\"ImageObject\",\"inLanguage\":\"fr-FR\",\"@id\":\"https:\/\/www.kezakoo.com\/sup\/ar\/#\/schema\/logo\/image\/\",\"url\":\"https:\/\/kezakoo.com\/sup\/wp-content\/uploads\/2017\/04\/Logo_Kezakoo_black_orange.png\",\"contentUrl\":\"https:\/\/kezakoo.com\/sup\/wp-content\/uploads\/2017\/04\/Logo_Kezakoo_black_orange.png\",\"width\":1086,\"height\":308,\"caption\":\"Kezakoo\"},\"image\":{\"@id\":\"https:\/\/www.kezakoo.com\/sup\/ar\/#\/schema\/logo\/image\/\"},\"sameAs\":[\"https:\/\/facebook.com\/kezakoo\",\"https:\/\/www.linkedin.com\/company\/kezakoo\",\"https:\/\/www.youtube.com\/user\/kezakoo1\"]}]}<\/script>\n<!-- \/ Yoast SEO plugin. -->","yoast_head_json":{"title":"ISFP - Kezakoo SUP","robots":{"index":"index","follow":"follow","max-snippet":"max-snippet:-1","max-image-preview":"max-image-preview:large","max-video-preview":"max-video-preview:-1"},"canonical":"https:\/\/www.kezakoo.com\/sup\/isfp\/","og_locale":"fr_FR","og_type":"article","og_title":"ISFP - Kezakoo SUP","og_description":"Les ISFP sont des protecteurs flexibles et spontan\u00e9s qui vivent dans le moment pr\u00e9sent et appr\u00e9cient leur environnement avec un enthousiasme joyeux et discret. Les ISFP sont connus pour \u00eatre silencieux et sans pr\u00e9tention, et peuvent \u00eatre difficiles \u00e0 conna\u00eetre. Cependant, pour ceux qui les connaissent bien, ils sont chaleureux et amicaux, d\u00e9sireux de partager [&hellip;]","og_url":"https:\/\/www.kezakoo.com\/sup\/isfp\/","og_site_name":"Kezakoo SUP","article_publisher":"https:\/\/facebook.com\/kezakoo","article_modified_time":"2020-05-14T12:08:00+00:00","og_image":[{"width":1900,"height":1268,"url":"https:\/\/www.kezakoo.com\/sup\/wp-content\/uploads\/2017\/04\/sup.jpg","type":"image\/jpeg"}],"twitter_card":"summary_large_image","twitter_misc":{"Dur\u00e9e de lecture estim\u00e9e":"1 minute"},"schema":{"@context":"https:\/\/schema.org","@graph":[{"@type":"WebPage","@id":"https:\/\/www.kezakoo.com\/sup\/isfp\/","url":"https:\/\/www.kezakoo.com\/sup\/isfp\/","name":"ISFP - Kezakoo SUP","isPartOf":{"@id":"https:\/\/www.kezakoo.com\/sup\/ar\/#website"},"datePublished":"2019-06-24T14:44:44+00:00","dateModified":"2020-05-14T12:08:00+00:00","breadcrumb":{"@id":"https:\/\/www.kezakoo.com\/sup\/isfp\/#breadcrumb"},"inLanguage":"fr-FR","potentialAction":[{"@type":"ReadAction","target":["https:\/\/www.kezakoo.com\/sup\/isfp\/"]}]},{"@type":"BreadcrumbList","@id":"https:\/\/www.kezakoo.com\/sup\/isfp\/#breadcrumb","itemListElement":[{"@type":"ListItem","position":1,"name":"Accueil","item":"https:\/\/www.kezakoo.com\/sup\/"},{"@type":"ListItem","position":2,"name":"ISFP"}]},{"@type":"WebSite","@id":"https:\/\/www.kezakoo.com\/sup\/ar\/#website","url":"https:\/\/www.kezakoo.com\/sup\/ar\/","name":"Kezakoo SUP","description":"La r\u00e9f\u00e9rence de l&#039;enseignement sup\u00e9rieur au Maroc","publisher":{"@id":"https:\/\/www.kezakoo.com\/sup\/ar\/#organization"},"potentialAction":[{"@type":"SearchAction","target":{"@type":"EntryPoint","urlTemplate":"https:\/\/www.kezakoo.com\/sup\/ar\/?s={search_term_string}"},"query-input":{"@type":"PropertyValueSpecification","valueRequired":true,"valueName":"search_term_string"}}],"inLanguage":"fr-FR"},{"@type":"Organization","@id":"https:\/\/www.kezakoo.com\/sup\/ar\/#organization","name":"Kezakoo","url":"https:\/\/www.kezakoo.com\/sup\/ar\/","logo":{"@type":"ImageObject","inLanguage":"fr-FR","@id":"https:\/\/www.kezakoo.com\/sup\/ar\/#\/schema\/logo\/image\/","url":"https:\/\/kezakoo.com\/sup\/wp-content\/uploads\/2017\/04\/Logo_Kezakoo_black_orange.png","contentUrl":"https:\/\/kezakoo.com\/sup\/wp-content\/uploads\/2017\/04\/Logo_Kezakoo_black_orange.png","width":1086,"height":308,"caption":"Kezakoo"},"image":{"@id":"https:\/\/www.kezakoo.com\/sup\/ar\/#\/schema\/logo\/image\/"},"sameAs":["https:\/\/facebook.com\/kezakoo","https:\/\/www.linkedin.com\/company\/kezakoo","https:\/\/www.youtube.com\/user\/kezakoo1"]}]}},"lang":"fr","translations":{"fr":2948},"pll_sync_post":[],"_links":{"self":[{"href":"https:\/\/www.kezakoo.com\/sup\/wp-json\/wp\/v2\/pages\/2948","targetHints":{"allow":["GET"]}}],"collection":[{"href":"https:\/\/www.kezakoo.com\/sup\/wp-json\/wp\/v2\/pages"}],"about":[{"href":"https:\/\/www.kezakoo.com\/sup\/wp-json\/wp\/v2\/types\/page"}],"author":[{"embeddable":true,"href":"https:\/\/www.kezakoo.com\/sup\/wp-json\/wp\/v2\/users\/1"}],"replies":[{"embeddable":true,"href":"https:\/\/www.kezakoo.com\/sup\/wp-json\/wp\/v2\/comments?post=2948"}],"version-history":[{"count":7,"href":"https:\/\/www.kezakoo.com\/sup\/wp-json\/wp\/v2\/pages\/2948\/revisions"}],"predecessor-version":[{"id":3755,"href":"https:\/\/www.kezakoo.com\/sup\/wp-json\/wp\/v2\/pages\/2948\/revisions\/3755"}],"wp:attachment":[{"href":"https:\/\/www.kezakoo.com\/sup\/wp-json\/wp\/v2\/media?parent=2948"}],"curies":[{"name":"wp","href":"https:\/\/api.w.org\/{rel}","templated":true}]}}