{"id":2950,"date":"2019-06-24T16:44:56","date_gmt":"2019-06-24T14:44:56","guid":{"rendered":"https:\/\/sup.kezakoo.com\/?page_id=2950"},"modified":"2020-05-14T18:55:02","modified_gmt":"2020-05-14T16:55:02","slug":"isfj","status":"publish","type":"page","link":"https:\/\/www.kezakoo.com\/sup\/isfj\/","title":{"rendered":"ISFJ"},"content":{"rendered":"<p><span style=\"font-weight: 400;\">Les ISFJ sont des protecteurs d\u00e9vou\u00e9s, fid\u00e8les aux traditions et aux organisations. Ils sont pratiques, empathiques, bienveillants et motiv\u00e9s \u00e0 subvenir aux besoins des autres et \u00e0 les prot\u00e9ger des dangers de la vie.<\/span><\/p>\n<p><span style=\"font-weight: 400;\">Le protecteur est conventionnel et tr\u00e8s pieds sur terre, et il aime contribuer aux structures \u00e9tablies de la soci\u00e9t\u00e9. C&#8217;est un un travailleur stable et engag\u00e9 qui a un sens profond de la responsabilit\u00e9 envers les autres. Il se concentre sur l&#8217;accomplissement de ses t\u00e2ches, en particulier lorsqu&#8217;il s&#8217;occupe des besoins d&#8217;autres personnes. Il veut que les autres sachent qu&#8217;il est fiable et qu&#8217;on peut lui faire confiance pour faire ce qu&#8217;on attend de lui.<\/span><\/p>\n<p><b>Qu\u2019est ce qui motive les ISFJ ?\u00a0<\/b><\/p>\n<p><span style=\"font-weight: 400;\">Les ISFJ sont guid\u00e9s par leurs valeurs personnelles et consciencieux dans leur comportement. Ils veulent travailler dur, s&#8217;entendre avec les autres et s&#8217;assurer de faire ce qu&#8217;on attend d&#8217;eux.<\/span><\/p>\n<p><span style=\"font-weight: 400;\">Les Protecteurs accordent une grande valeur aux relations et s&#8217;efforcent de coop\u00e9rer et de maintenir l&#8217;harmonie avec les autres. Ils d\u00e9sirent la stabilit\u00e9 et la long\u00e9vit\u00e9 dans leurs relations et ont tendance \u00e0 maintenir un profond attachement \u00e0 la famille.\u00a0<\/span><\/p>\n<p><span style=\"font-weight: 400;\">Les personnalit\u00e9s de type ISFJ appr\u00e9cient la tradition et aiment s&#8217;inspirer de comment les choses se faisaient dans le pass\u00e9. <\/span><span style=\"font-weight: 400;\">Ils attachent une grande importance dans leur int\u00e9gration dans des institutions \u00e9tablies et leur contribution dans la mesure du possible au maintien de structures sociales solides et stables. En groupe, ils assument souvent le r\u00f4le d&#8217;historien, s&#8217;assurant que les nouveaux membres respectent et valorisent les coutumes.<\/span><\/p>\n<h3><strong>Personnalit\u00e9s c\u00e9l\u00e8bres :\u00a0<\/strong><\/h3>\n<p><span style=\"font-weight: 400;\">M\u00e8re Teresa, George H.W. Bush, Bruce Willis, Fifty Cents<\/span><\/p>\n<p>&nbsp;<\/p>\n","protected":false},"excerpt":{"rendered":"<p>Les ISFJ sont des protecteurs d\u00e9vou\u00e9s, fid\u00e8les aux traditions et aux organisations. Ils sont pratiques, empathiques, bienveillants et motiv\u00e9s \u00e0 subvenir aux besoins des autres et \u00e0 les prot\u00e9ger des dangers de la vie. Le protecteur est conventionnel et tr\u00e8s pieds sur terre, et il aime contribuer aux structures \u00e9tablies de la soci\u00e9t\u00e9. C&#8217;est un [&hellip;]<\/p>\n","protected":false},"author":1,"featured_media":0,"parent":0,"menu_order":0,"comment_status":"closed","ping_status":"closed","template":"personality-page.php","meta":{"_acf_changed":false,"footnotes":""},"class_list":["post-2950","page","type-page","status-publish","hentry"],"acf":[],"yoast_head":"<!-- This site is optimized with the Yoast SEO plugin v26.7 - https:\/\/yoast.com\/wordpress\/plugins\/seo\/ -->\n<title>ISFJ - Kezakoo SUP<\/title>\n<meta name=\"robots\" content=\"index, follow, max-snippet:-1, max-image-preview:large, max-video-preview:-1\" \/>\n<link rel=\"canonical\" href=\"https:\/\/www.kezakoo.com\/sup\/isfj\/\" \/>\n<meta property=\"og:locale\" content=\"fr_FR\" \/>\n<meta property=\"og:type\" content=\"article\" \/>\n<meta property=\"og:title\" content=\"ISFJ - Kezakoo SUP\" \/>\n<meta property=\"og:description\" content=\"Les ISFJ sont des protecteurs d\u00e9vou\u00e9s, fid\u00e8les aux traditions et aux organisations. Ils sont pratiques, empathiques, bienveillants et motiv\u00e9s \u00e0 subvenir aux besoins des autres et \u00e0 les prot\u00e9ger des dangers de la vie. Le protecteur est conventionnel et tr\u00e8s pieds sur terre, et il aime contribuer aux structures \u00e9tablies de la soci\u00e9t\u00e9. C&#8217;est un [&hellip;]\" \/>\n<meta property=\"og:url\" content=\"https:\/\/www.kezakoo.com\/sup\/isfj\/\" \/>\n<meta property=\"og:site_name\" content=\"Kezakoo SUP\" \/>\n<meta property=\"article:publisher\" content=\"https:\/\/facebook.com\/kezakoo\" \/>\n<meta property=\"article:modified_time\" content=\"2020-05-14T16:55:02+00:00\" \/>\n<meta property=\"og:image\" content=\"https:\/\/www.kezakoo.com\/sup\/wp-content\/uploads\/2017\/04\/sup.jpg\" \/>\n\t<meta property=\"og:image:width\" content=\"1900\" \/>\n\t<meta property=\"og:image:height\" content=\"1268\" \/>\n\t<meta property=\"og:image:type\" content=\"image\/jpeg\" \/>\n<meta name=\"twitter:card\" content=\"summary_large_image\" \/>\n<meta name=\"twitter:label1\" content=\"Dur\u00e9e de lecture estim\u00e9e\" \/>\n\t<meta name=\"twitter:data1\" content=\"1 minute\" \/>\n<script type=\"application\/ld+json\" class=\"yoast-schema-graph\">{\"@context\":\"https:\/\/schema.org\",\"@graph\":[{\"@type\":\"WebPage\",\"@id\":\"https:\/\/www.kezakoo.com\/sup\/isfj\/\",\"url\":\"https:\/\/www.kezakoo.com\/sup\/isfj\/\",\"name\":\"ISFJ - Kezakoo SUP\",\"isPartOf\":{\"@id\":\"https:\/\/www.kezakoo.com\/sup\/ar\/#website\"},\"datePublished\":\"2019-06-24T14:44:56+00:00\",\"dateModified\":\"2020-05-14T16:55:02+00:00\",\"breadcrumb\":{\"@id\":\"https:\/\/www.kezakoo.com\/sup\/isfj\/#breadcrumb\"},\"inLanguage\":\"fr-FR\",\"potentialAction\":[{\"@type\":\"ReadAction\",\"target\":[\"https:\/\/www.kezakoo.com\/sup\/isfj\/\"]}]},{\"@type\":\"BreadcrumbList\",\"@id\":\"https:\/\/www.kezakoo.com\/sup\/isfj\/#breadcrumb\",\"itemListElement\":[{\"@type\":\"ListItem\",\"position\":1,\"name\":\"Accueil\",\"item\":\"https:\/\/www.kezakoo.com\/sup\/\"},{\"@type\":\"ListItem\",\"position\":2,\"name\":\"ISFJ\"}]},{\"@type\":\"WebSite\",\"@id\":\"https:\/\/www.kezakoo.com\/sup\/ar\/#website\",\"url\":\"https:\/\/www.kezakoo.com\/sup\/ar\/\",\"name\":\"Kezakoo SUP\",\"description\":\"La r\u00e9f\u00e9rence de l&#039;enseignement sup\u00e9rieur au Maroc\",\"publisher\":{\"@id\":\"https:\/\/www.kezakoo.com\/sup\/ar\/#organization\"},\"potentialAction\":[{\"@type\":\"SearchAction\",\"target\":{\"@type\":\"EntryPoint\",\"urlTemplate\":\"https:\/\/www.kezakoo.com\/sup\/ar\/?s={search_term_string}\"},\"query-input\":{\"@type\":\"PropertyValueSpecification\",\"valueRequired\":true,\"valueName\":\"search_term_string\"}}],\"inLanguage\":\"fr-FR\"},{\"@type\":\"Organization\",\"@id\":\"https:\/\/www.kezakoo.com\/sup\/ar\/#organization\",\"name\":\"Kezakoo\",\"url\":\"https:\/\/www.kezakoo.com\/sup\/ar\/\",\"logo\":{\"@type\":\"ImageObject\",\"inLanguage\":\"fr-FR\",\"@id\":\"https:\/\/www.kezakoo.com\/sup\/ar\/#\/schema\/logo\/image\/\",\"url\":\"https:\/\/kezakoo.com\/sup\/wp-content\/uploads\/2017\/04\/Logo_Kezakoo_black_orange.png\",\"contentUrl\":\"https:\/\/kezakoo.com\/sup\/wp-content\/uploads\/2017\/04\/Logo_Kezakoo_black_orange.png\",\"width\":1086,\"height\":308,\"caption\":\"Kezakoo\"},\"image\":{\"@id\":\"https:\/\/www.kezakoo.com\/sup\/ar\/#\/schema\/logo\/image\/\"},\"sameAs\":[\"https:\/\/facebook.com\/kezakoo\",\"https:\/\/www.linkedin.com\/company\/kezakoo\",\"https:\/\/www.youtube.com\/user\/kezakoo1\"]}]}<\/script>\n<!-- \/ Yoast SEO plugin. -->","yoast_head_json":{"title":"ISFJ - Kezakoo SUP","robots":{"index":"index","follow":"follow","max-snippet":"max-snippet:-1","max-image-preview":"max-image-preview:large","max-video-preview":"max-video-preview:-1"},"canonical":"https:\/\/www.kezakoo.com\/sup\/isfj\/","og_locale":"fr_FR","og_type":"article","og_title":"ISFJ - Kezakoo SUP","og_description":"Les ISFJ sont des protecteurs d\u00e9vou\u00e9s, fid\u00e8les aux traditions et aux organisations. Ils sont pratiques, empathiques, bienveillants et motiv\u00e9s \u00e0 subvenir aux besoins des autres et \u00e0 les prot\u00e9ger des dangers de la vie. Le protecteur est conventionnel et tr\u00e8s pieds sur terre, et il aime contribuer aux structures \u00e9tablies de la soci\u00e9t\u00e9. C&#8217;est un [&hellip;]","og_url":"https:\/\/www.kezakoo.com\/sup\/isfj\/","og_site_name":"Kezakoo SUP","article_publisher":"https:\/\/facebook.com\/kezakoo","article_modified_time":"2020-05-14T16:55:02+00:00","og_image":[{"width":1900,"height":1268,"url":"https:\/\/www.kezakoo.com\/sup\/wp-content\/uploads\/2017\/04\/sup.jpg","type":"image\/jpeg"}],"twitter_card":"summary_large_image","twitter_misc":{"Dur\u00e9e de lecture estim\u00e9e":"1 minute"},"schema":{"@context":"https:\/\/schema.org","@graph":[{"@type":"WebPage","@id":"https:\/\/www.kezakoo.com\/sup\/isfj\/","url":"https:\/\/www.kezakoo.com\/sup\/isfj\/","name":"ISFJ - Kezakoo SUP","isPartOf":{"@id":"https:\/\/www.kezakoo.com\/sup\/ar\/#website"},"datePublished":"2019-06-24T14:44:56+00:00","dateModified":"2020-05-14T16:55:02+00:00","breadcrumb":{"@id":"https:\/\/www.kezakoo.com\/sup\/isfj\/#breadcrumb"},"inLanguage":"fr-FR","potentialAction":[{"@type":"ReadAction","target":["https:\/\/www.kezakoo.com\/sup\/isfj\/"]}]},{"@type":"BreadcrumbList","@id":"https:\/\/www.kezakoo.com\/sup\/isfj\/#breadcrumb","itemListElement":[{"@type":"ListItem","position":1,"name":"Accueil","item":"https:\/\/www.kezakoo.com\/sup\/"},{"@type":"ListItem","position":2,"name":"ISFJ"}]},{"@type":"WebSite","@id":"https:\/\/www.kezakoo.com\/sup\/ar\/#website","url":"https:\/\/www.kezakoo.com\/sup\/ar\/","name":"Kezakoo SUP","description":"La r\u00e9f\u00e9rence de l&#039;enseignement sup\u00e9rieur au Maroc","publisher":{"@id":"https:\/\/www.kezakoo.com\/sup\/ar\/#organization"},"potentialAction":[{"@type":"SearchAction","target":{"@type":"EntryPoint","urlTemplate":"https:\/\/www.kezakoo.com\/sup\/ar\/?s={search_term_string}"},"query-input":{"@type":"PropertyValueSpecification","valueRequired":true,"valueName":"search_term_string"}}],"inLanguage":"fr-FR"},{"@type":"Organization","@id":"https:\/\/www.kezakoo.com\/sup\/ar\/#organization","name":"Kezakoo","url":"https:\/\/www.kezakoo.com\/sup\/ar\/","logo":{"@type":"ImageObject","inLanguage":"fr-FR","@id":"https:\/\/www.kezakoo.com\/sup\/ar\/#\/schema\/logo\/image\/","url":"https:\/\/kezakoo.com\/sup\/wp-content\/uploads\/2017\/04\/Logo_Kezakoo_black_orange.png","contentUrl":"https:\/\/kezakoo.com\/sup\/wp-content\/uploads\/2017\/04\/Logo_Kezakoo_black_orange.png","width":1086,"height":308,"caption":"Kezakoo"},"image":{"@id":"https:\/\/www.kezakoo.com\/sup\/ar\/#\/schema\/logo\/image\/"},"sameAs":["https:\/\/facebook.com\/kezakoo","https:\/\/www.linkedin.com\/company\/kezakoo","https:\/\/www.youtube.com\/user\/kezakoo1"]}]}},"lang":"fr","translations":{"ar":6076,"fr":2950},"pll_sync_post":[],"_links":{"self":[{"href":"https:\/\/www.kezakoo.com\/sup\/wp-json\/wp\/v2\/pages\/2950","targetHints":{"allow":["GET"]}}],"collection":[{"href":"https:\/\/www.kezakoo.com\/sup\/wp-json\/wp\/v2\/pages"}],"about":[{"href":"https:\/\/www.kezakoo.com\/sup\/wp-json\/wp\/v2\/types\/page"}],"author":[{"embeddable":true,"href":"https:\/\/www.kezakoo.com\/sup\/wp-json\/wp\/v2\/users\/1"}],"replies":[{"embeddable":true,"href":"https:\/\/www.kezakoo.com\/sup\/wp-json\/wp\/v2\/comments?post=2950"}],"version-history":[{"count":8,"href":"https:\/\/www.kezakoo.com\/sup\/wp-json\/wp\/v2\/pages\/2950\/revisions"}],"predecessor-version":[{"id":3767,"href":"https:\/\/www.kezakoo.com\/sup\/wp-json\/wp\/v2\/pages\/2950\/revisions\/3767"}],"wp:attachment":[{"href":"https:\/\/www.kezakoo.com\/sup\/wp-json\/wp\/v2\/media?parent=2950"}],"curies":[{"name":"wp","href":"https:\/\/api.w.org\/{rel}","templated":true}]}}