{"id":2955,"date":"2019-06-24T16:55:04","date_gmt":"2019-06-24T14:55:04","guid":{"rendered":"https:\/\/sup.kezakoo.com\/?page_id=2955"},"modified":"2020-05-14T18:18:00","modified_gmt":"2020-05-14T16:18:00","slug":"istj","status":"publish","type":"page","link":"https:\/\/www.kezakoo.com\/sup\/istj\/","title":{"rendered":"ISTJ"},"content":{"rendered":"<p>Le type de personnalit\u00e9 ISTJ est consid\u00e9r\u00e9 comme le plus abondant, puisqu&#8217;il repr\u00e9sente environ 13% de la population. Leurs caract\u00e9ristiques d&#8217;int\u00e9grit\u00e9, de logique pratique et de d\u00e9vouement infatigable font des Inspecteurs un noyau vital pour de nombreuses familles, ainsi que pour les organisations qui d\u00e9fendent les traditions, les r\u00e8gles et les normes, telles que les cabinets d&#8217;avocats, les organismes de r\u00e9glementation et l&#8217;arm\u00e9e.<\/p>\n<p>Les personnes ayant ce type de personnalit\u00e9 aiment assumer la responsabilit\u00e9 de leurs actes et sont fi\u00e8res de leur travail. Lorsqu&#8217;ils travaillent pour atteindre un objectif, les ISTJ ne retiennent ni leur temps ni leur \u00e9nergie pour accomplir chaque t\u00e2che pertinente avec pr\u00e9cision et patience.<\/p>\n<h3><b>Qu\u2019est ce qui te motive un ISTJ ?\u00a0<\/b><\/h3>\n<p><span style=\"font-weight: 400;\">Assidu, l&#8217;ISTJ persistera jusqu\u2019\u00e0 ce qu\u2019une t\u00e2che soit accomplie. Il est logique et m\u00e9thodique et prend souvent plaisir \u00e0 effectuer des t\u00e2ches qui l\u2019obligent \u00e0 utiliser un raisonnement pointu pour r\u00e9soudre un probl\u00e8me. Il est m\u00e9ticuleux dans son attention aux d\u00e9tails et tu examinent les choses de pr\u00e8s pour s\u2019assurer qu\u2019elles sont correctes.\u00a0<\/span><\/p>\n<p>Lorsque les Inspecteurs disent qu&#8217;ils vont faire quelque chose, ils le font, en respectant leurs obligations quel qu&#8217;en soit le co\u00fbt personnel, et ils sont d\u00e9concert\u00e9s par les gens qui ne tiennent pas leur parole au m\u00eame titre. Les personnes ayant le type de personnalit\u00e9 ISTJ pr\u00e9f\u00e8rent souvent travailler seules, ou du moins voir leur autorit\u00e9 clairement \u00e9tablie par la hi\u00e9rarchie, o\u00f9 ils peuvent fixer et atteindre leurs objectifs sans d\u00e9bat ni souci de la fiabilit\u00e9 d&#8217;autrui.<\/p>\n<p>Ils ont l&#8217;esprit vif, bas\u00e9 sur les faits, et pr\u00e9f\u00e8rent l&#8217;autonomie et l&#8217;autosuffisance \u00e0 la d\u00e9pendance vis-\u00e0-vis de quelqu&#8217;un ou de quelque chose. La d\u00e9pendance vis-\u00e0-vis des autres est souvent consid\u00e9r\u00e9e par les Inspecteurs comme une faiblesse, et leur passion pour le devoir, la fiabilit\u00e9 et une int\u00e9grit\u00e9 personnelle irr\u00e9prochable leur interdisent de tomber dans un tel pi\u00e8ge.<\/p>\n<p>Les personnalit\u00e9s de types ISTJ adh\u00e8rent aux r\u00e8gles et directives \u00e9tablies, quel qu&#8217;en soit le co\u00fbt, en signalant leurs propres erreurs et en disant la v\u00e9rit\u00e9, m\u00eame si les cons\u00e9quences d&#8217;une telle attitude peuvent \u00eatre d\u00e9sastreuses. Pour les Inspecteurs, l&#8217;honn\u00eatet\u00e9 est bien plus importante que les consid\u00e9rations \u00e9motionnelles, et leur approche brutale laisse aux autres la fausse impression qu&#8217;ils sont froids, voire robotiques. Les personnes de ce type peuvent avoir du mal \u00e0 exprimer ext\u00e9rieurement leurs \u00e9motions ou leur affection, mais la suggestion qu&#8217;elles ne ressentent rien, ou pire, qu&#8217;elles n&#8217;ont pas de personnalit\u00e9 du tout, leur est profond\u00e9ment blessante.<\/p>\n<h3><strong>Quelques ISTJ c\u00e9l\u00e8bres :\u00a0<\/strong><\/h3>\n<p><span style=\"font-weight: 400;\">Georges Washington, Anthony Hopkins, Natalie Portman, Angela Merkel<\/span><\/p>\n","protected":false},"excerpt":{"rendered":"<p>Le type de personnalit\u00e9 ISTJ est consid\u00e9r\u00e9 comme le plus abondant, puisqu&#8217;il repr\u00e9sente environ 13% de la population. Leurs caract\u00e9ristiques d&#8217;int\u00e9grit\u00e9, de logique pratique et de d\u00e9vouement infatigable font des Inspecteurs un noyau vital pour de nombreuses familles, ainsi que pour les organisations qui d\u00e9fendent les traditions, les r\u00e8gles et les normes, telles que les [&hellip;]<\/p>\n","protected":false},"author":1,"featured_media":0,"parent":0,"menu_order":0,"comment_status":"closed","ping_status":"closed","template":"personality-page.php","meta":{"_acf_changed":false,"footnotes":""},"class_list":["post-2955","page","type-page","status-publish","hentry"],"acf":[],"yoast_head":"<!-- This site is optimized with the Yoast SEO plugin v26.7 - https:\/\/yoast.com\/wordpress\/plugins\/seo\/ -->\n<title>ISTJ - Kezakoo SUP<\/title>\n<meta name=\"robots\" content=\"index, follow, max-snippet:-1, max-image-preview:large, max-video-preview:-1\" \/>\n<link rel=\"canonical\" href=\"https:\/\/www.kezakoo.com\/sup\/istj\/\" \/>\n<meta property=\"og:locale\" content=\"fr_FR\" \/>\n<meta property=\"og:type\" content=\"article\" \/>\n<meta property=\"og:title\" content=\"ISTJ - Kezakoo SUP\" \/>\n<meta property=\"og:description\" content=\"Le type de personnalit\u00e9 ISTJ est consid\u00e9r\u00e9 comme le plus abondant, puisqu&#8217;il repr\u00e9sente environ 13% de la population. Leurs caract\u00e9ristiques d&#8217;int\u00e9grit\u00e9, de logique pratique et de d\u00e9vouement infatigable font des Inspecteurs un noyau vital pour de nombreuses familles, ainsi que pour les organisations qui d\u00e9fendent les traditions, les r\u00e8gles et les normes, telles que les [&hellip;]\" \/>\n<meta property=\"og:url\" content=\"https:\/\/www.kezakoo.com\/sup\/istj\/\" \/>\n<meta property=\"og:site_name\" content=\"Kezakoo SUP\" \/>\n<meta property=\"article:publisher\" content=\"https:\/\/facebook.com\/kezakoo\" \/>\n<meta property=\"article:modified_time\" content=\"2020-05-14T16:18:00+00:00\" \/>\n<meta property=\"og:image\" content=\"https:\/\/www.kezakoo.com\/sup\/wp-content\/uploads\/2017\/04\/sup.jpg\" \/>\n\t<meta property=\"og:image:width\" content=\"1900\" \/>\n\t<meta property=\"og:image:height\" content=\"1268\" \/>\n\t<meta property=\"og:image:type\" content=\"image\/jpeg\" \/>\n<meta name=\"twitter:card\" content=\"summary_large_image\" \/>\n<meta name=\"twitter:label1\" content=\"Dur\u00e9e de lecture estim\u00e9e\" \/>\n\t<meta name=\"twitter:data1\" content=\"2 minutes\" \/>\n<script type=\"application\/ld+json\" class=\"yoast-schema-graph\">{\"@context\":\"https:\/\/schema.org\",\"@graph\":[{\"@type\":\"WebPage\",\"@id\":\"https:\/\/www.kezakoo.com\/sup\/istj\/\",\"url\":\"https:\/\/www.kezakoo.com\/sup\/istj\/\",\"name\":\"ISTJ - Kezakoo SUP\",\"isPartOf\":{\"@id\":\"https:\/\/www.kezakoo.com\/sup\/ar\/#website\"},\"datePublished\":\"2019-06-24T14:55:04+00:00\",\"dateModified\":\"2020-05-14T16:18:00+00:00\",\"breadcrumb\":{\"@id\":\"https:\/\/www.kezakoo.com\/sup\/istj\/#breadcrumb\"},\"inLanguage\":\"fr-FR\",\"potentialAction\":[{\"@type\":\"ReadAction\",\"target\":[\"https:\/\/www.kezakoo.com\/sup\/istj\/\"]}]},{\"@type\":\"BreadcrumbList\",\"@id\":\"https:\/\/www.kezakoo.com\/sup\/istj\/#breadcrumb\",\"itemListElement\":[{\"@type\":\"ListItem\",\"position\":1,\"name\":\"Accueil\",\"item\":\"https:\/\/www.kezakoo.com\/sup\/\"},{\"@type\":\"ListItem\",\"position\":2,\"name\":\"ISTJ\"}]},{\"@type\":\"WebSite\",\"@id\":\"https:\/\/www.kezakoo.com\/sup\/ar\/#website\",\"url\":\"https:\/\/www.kezakoo.com\/sup\/ar\/\",\"name\":\"Kezakoo SUP\",\"description\":\"La r\u00e9f\u00e9rence de l&#039;enseignement sup\u00e9rieur au Maroc\",\"publisher\":{\"@id\":\"https:\/\/www.kezakoo.com\/sup\/ar\/#organization\"},\"potentialAction\":[{\"@type\":\"SearchAction\",\"target\":{\"@type\":\"EntryPoint\",\"urlTemplate\":\"https:\/\/www.kezakoo.com\/sup\/ar\/?s={search_term_string}\"},\"query-input\":{\"@type\":\"PropertyValueSpecification\",\"valueRequired\":true,\"valueName\":\"search_term_string\"}}],\"inLanguage\":\"fr-FR\"},{\"@type\":\"Organization\",\"@id\":\"https:\/\/www.kezakoo.com\/sup\/ar\/#organization\",\"name\":\"Kezakoo\",\"url\":\"https:\/\/www.kezakoo.com\/sup\/ar\/\",\"logo\":{\"@type\":\"ImageObject\",\"inLanguage\":\"fr-FR\",\"@id\":\"https:\/\/www.kezakoo.com\/sup\/ar\/#\/schema\/logo\/image\/\",\"url\":\"https:\/\/kezakoo.com\/sup\/wp-content\/uploads\/2017\/04\/Logo_Kezakoo_black_orange.png\",\"contentUrl\":\"https:\/\/kezakoo.com\/sup\/wp-content\/uploads\/2017\/04\/Logo_Kezakoo_black_orange.png\",\"width\":1086,\"height\":308,\"caption\":\"Kezakoo\"},\"image\":{\"@id\":\"https:\/\/www.kezakoo.com\/sup\/ar\/#\/schema\/logo\/image\/\"},\"sameAs\":[\"https:\/\/facebook.com\/kezakoo\",\"https:\/\/www.linkedin.com\/company\/kezakoo\",\"https:\/\/www.youtube.com\/user\/kezakoo1\"]}]}<\/script>\n<!-- \/ Yoast SEO plugin. -->","yoast_head_json":{"title":"ISTJ - Kezakoo SUP","robots":{"index":"index","follow":"follow","max-snippet":"max-snippet:-1","max-image-preview":"max-image-preview:large","max-video-preview":"max-video-preview:-1"},"canonical":"https:\/\/www.kezakoo.com\/sup\/istj\/","og_locale":"fr_FR","og_type":"article","og_title":"ISTJ - Kezakoo SUP","og_description":"Le type de personnalit\u00e9 ISTJ est consid\u00e9r\u00e9 comme le plus abondant, puisqu&#8217;il repr\u00e9sente environ 13% de la population. Leurs caract\u00e9ristiques d&#8217;int\u00e9grit\u00e9, de logique pratique et de d\u00e9vouement infatigable font des Inspecteurs un noyau vital pour de nombreuses familles, ainsi que pour les organisations qui d\u00e9fendent les traditions, les r\u00e8gles et les normes, telles que les [&hellip;]","og_url":"https:\/\/www.kezakoo.com\/sup\/istj\/","og_site_name":"Kezakoo SUP","article_publisher":"https:\/\/facebook.com\/kezakoo","article_modified_time":"2020-05-14T16:18:00+00:00","og_image":[{"width":1900,"height":1268,"url":"https:\/\/www.kezakoo.com\/sup\/wp-content\/uploads\/2017\/04\/sup.jpg","type":"image\/jpeg"}],"twitter_card":"summary_large_image","twitter_misc":{"Dur\u00e9e de lecture estim\u00e9e":"2 minutes"},"schema":{"@context":"https:\/\/schema.org","@graph":[{"@type":"WebPage","@id":"https:\/\/www.kezakoo.com\/sup\/istj\/","url":"https:\/\/www.kezakoo.com\/sup\/istj\/","name":"ISTJ - Kezakoo SUP","isPartOf":{"@id":"https:\/\/www.kezakoo.com\/sup\/ar\/#website"},"datePublished":"2019-06-24T14:55:04+00:00","dateModified":"2020-05-14T16:18:00+00:00","breadcrumb":{"@id":"https:\/\/www.kezakoo.com\/sup\/istj\/#breadcrumb"},"inLanguage":"fr-FR","potentialAction":[{"@type":"ReadAction","target":["https:\/\/www.kezakoo.com\/sup\/istj\/"]}]},{"@type":"BreadcrumbList","@id":"https:\/\/www.kezakoo.com\/sup\/istj\/#breadcrumb","itemListElement":[{"@type":"ListItem","position":1,"name":"Accueil","item":"https:\/\/www.kezakoo.com\/sup\/"},{"@type":"ListItem","position":2,"name":"ISTJ"}]},{"@type":"WebSite","@id":"https:\/\/www.kezakoo.com\/sup\/ar\/#website","url":"https:\/\/www.kezakoo.com\/sup\/ar\/","name":"Kezakoo SUP","description":"La r\u00e9f\u00e9rence de l&#039;enseignement sup\u00e9rieur au Maroc","publisher":{"@id":"https:\/\/www.kezakoo.com\/sup\/ar\/#organization"},"potentialAction":[{"@type":"SearchAction","target":{"@type":"EntryPoint","urlTemplate":"https:\/\/www.kezakoo.com\/sup\/ar\/?s={search_term_string}"},"query-input":{"@type":"PropertyValueSpecification","valueRequired":true,"valueName":"search_term_string"}}],"inLanguage":"fr-FR"},{"@type":"Organization","@id":"https:\/\/www.kezakoo.com\/sup\/ar\/#organization","name":"Kezakoo","url":"https:\/\/www.kezakoo.com\/sup\/ar\/","logo":{"@type":"ImageObject","inLanguage":"fr-FR","@id":"https:\/\/www.kezakoo.com\/sup\/ar\/#\/schema\/logo\/image\/","url":"https:\/\/kezakoo.com\/sup\/wp-content\/uploads\/2017\/04\/Logo_Kezakoo_black_orange.png","contentUrl":"https:\/\/kezakoo.com\/sup\/wp-content\/uploads\/2017\/04\/Logo_Kezakoo_black_orange.png","width":1086,"height":308,"caption":"Kezakoo"},"image":{"@id":"https:\/\/www.kezakoo.com\/sup\/ar\/#\/schema\/logo\/image\/"},"sameAs":["https:\/\/facebook.com\/kezakoo","https:\/\/www.linkedin.com\/company\/kezakoo","https:\/\/www.youtube.com\/user\/kezakoo1"]}]}},"lang":"fr","translations":{"ar":4907,"fr":2955},"pll_sync_post":[],"_links":{"self":[{"href":"https:\/\/www.kezakoo.com\/sup\/wp-json\/wp\/v2\/pages\/2955","targetHints":{"allow":["GET"]}}],"collection":[{"href":"https:\/\/www.kezakoo.com\/sup\/wp-json\/wp\/v2\/pages"}],"about":[{"href":"https:\/\/www.kezakoo.com\/sup\/wp-json\/wp\/v2\/types\/page"}],"author":[{"embeddable":true,"href":"https:\/\/www.kezakoo.com\/sup\/wp-json\/wp\/v2\/users\/1"}],"replies":[{"embeddable":true,"href":"https:\/\/www.kezakoo.com\/sup\/wp-json\/wp\/v2\/comments?post=2955"}],"version-history":[{"count":8,"href":"https:\/\/www.kezakoo.com\/sup\/wp-json\/wp\/v2\/pages\/2955\/revisions"}],"predecessor-version":[{"id":3764,"href":"https:\/\/www.kezakoo.com\/sup\/wp-json\/wp\/v2\/pages\/2955\/revisions\/3764"}],"wp:attachment":[{"href":"https:\/\/www.kezakoo.com\/sup\/wp-json\/wp\/v2\/media?parent=2955"}],"curies":[{"name":"wp","href":"https:\/\/api.w.org\/{rel}","templated":true}]}}