{"id":2959,"date":"2019-06-24T16:55:39","date_gmt":"2019-06-24T14:55:39","guid":{"rendered":"https:\/\/sup.kezakoo.com\/?page_id=2959"},"modified":"2020-05-14T15:30:46","modified_gmt":"2020-05-14T13:30:46","slug":"istp","status":"publish","type":"page","link":"https:\/\/www.kezakoo.com\/sup\/istp\/","title":{"rendered":"ISTP"},"content":{"rendered":"<p>Les Virtuoses (ISTP) aiment explorer avec leurs mains et leurs yeux, en touchant et en examinant le monde qui les entoure avec un rationalisme froid et une curiosit\u00e9 fougueuse. Les personnes ayant ce type de personnalit\u00e9 sont des Cr\u00e9ateurs naturels, se d\u00e9pla\u00e7ant de projet en projet, construisant l&#8217;utile et le superflu pour le plaisir, et apprenant de leur environnement au fur et \u00e0 mesure. Souvent m\u00e9caniciens et ing\u00e9nieurs, les Virtuoses ne trouvent pas plus de joie que de se salir les mains en d\u00e9montant et en remontant des choses.<\/p>\n<p>Les Virtuoses explorent les id\u00e9es par la cr\u00e9ation, les essais et erreurs et l&#8217;exp\u00e9rience de premi\u00e8re main. Ils aiment que d&#8217;autres personnes s&#8217;int\u00e9ressent \u00e0 leurs projets et, parfois, ne s&#8217;opposent m\u00eame pas \u00e0 ce qu&#8217;ils entrent dans leur espace. Bien s\u00fbr, cela \u00e0 condition que ces personnes n&#8217;interf\u00e8rent pas avec les principes et la libert\u00e9 des Virtuoses.<\/p>\n<p>Les Virtuoses aiment donner un coup de main et partager leur exp\u00e9rience, surtout avec les personnes qui leur sont ch\u00e8res, et c&#8217;est dommage qu&#8217;ils soient si peu nombreux, puisqu&#8217;ils ne repr\u00e9sentent qu&#8217;environ cinq pour cent de la population. Les femmes Virtuoses sont particuli\u00e8rement rares, et les r\u00f4les typiques que la soci\u00e9t\u00e9 tend \u00e0 attendre d&#8217;elles peuvent \u00eatre mal adapt\u00e9s. Elles sont souvent consid\u00e9r\u00e9es comme des gar\u00e7ons manqu\u00e9s d\u00e8s leur plus jeune \u00e2ge.<\/p>\n<p><strong>Quelques ISTP c\u00e9l\u00e8bres :\u00a0<\/strong><\/p>\n<p><span style=\"font-weight: 400;\">Tom Cruise, Michael Jordan, Chrisitan Bale, Vladimir Putin<\/span><\/p>\n","protected":false},"excerpt":{"rendered":"<p>Les Virtuoses (ISTP) aiment explorer avec leurs mains et leurs yeux, en touchant et en examinant le monde qui les entoure avec un rationalisme froid et une curiosit\u00e9 fougueuse. Les personnes ayant ce type de personnalit\u00e9 sont des Cr\u00e9ateurs naturels, se d\u00e9pla\u00e7ant de projet en projet, construisant l&#8217;utile et le superflu pour le plaisir, et [&hellip;]<\/p>\n","protected":false},"author":1,"featured_media":0,"parent":0,"menu_order":0,"comment_status":"closed","ping_status":"closed","template":"personality-page.php","meta":{"_acf_changed":false,"footnotes":""},"class_list":["post-2959","page","type-page","status-publish","hentry"],"acf":[],"yoast_head":"<!-- This site is optimized with the Yoast SEO plugin v26.7 - https:\/\/yoast.com\/wordpress\/plugins\/seo\/ -->\n<title>ISTP - Kezakoo SUP<\/title>\n<meta name=\"robots\" content=\"index, follow, max-snippet:-1, max-image-preview:large, max-video-preview:-1\" \/>\n<link rel=\"canonical\" href=\"https:\/\/www.kezakoo.com\/sup\/istp\/\" \/>\n<meta property=\"og:locale\" content=\"fr_FR\" \/>\n<meta property=\"og:type\" content=\"article\" \/>\n<meta property=\"og:title\" content=\"ISTP - Kezakoo SUP\" \/>\n<meta property=\"og:description\" content=\"Les Virtuoses (ISTP) aiment explorer avec leurs mains et leurs yeux, en touchant et en examinant le monde qui les entoure avec un rationalisme froid et une curiosit\u00e9 fougueuse. Les personnes ayant ce type de personnalit\u00e9 sont des Cr\u00e9ateurs naturels, se d\u00e9pla\u00e7ant de projet en projet, construisant l&#8217;utile et le superflu pour le plaisir, et [&hellip;]\" \/>\n<meta property=\"og:url\" content=\"https:\/\/www.kezakoo.com\/sup\/istp\/\" \/>\n<meta property=\"og:site_name\" content=\"Kezakoo SUP\" \/>\n<meta property=\"article:publisher\" content=\"https:\/\/facebook.com\/kezakoo\" \/>\n<meta property=\"article:modified_time\" content=\"2020-05-14T13:30:46+00:00\" \/>\n<meta property=\"og:image\" content=\"https:\/\/www.kezakoo.com\/sup\/wp-content\/uploads\/2017\/04\/sup.jpg\" \/>\n\t<meta property=\"og:image:width\" content=\"1900\" \/>\n\t<meta property=\"og:image:height\" content=\"1268\" \/>\n\t<meta property=\"og:image:type\" content=\"image\/jpeg\" \/>\n<meta name=\"twitter:card\" content=\"summary_large_image\" \/>\n<meta name=\"twitter:label1\" content=\"Dur\u00e9e de lecture estim\u00e9e\" \/>\n\t<meta name=\"twitter:data1\" content=\"1 minute\" \/>\n<script type=\"application\/ld+json\" class=\"yoast-schema-graph\">{\"@context\":\"https:\/\/schema.org\",\"@graph\":[{\"@type\":\"WebPage\",\"@id\":\"https:\/\/www.kezakoo.com\/sup\/istp\/\",\"url\":\"https:\/\/www.kezakoo.com\/sup\/istp\/\",\"name\":\"ISTP - Kezakoo SUP\",\"isPartOf\":{\"@id\":\"https:\/\/www.kezakoo.com\/sup\/ar\/#website\"},\"datePublished\":\"2019-06-24T14:55:39+00:00\",\"dateModified\":\"2020-05-14T13:30:46+00:00\",\"breadcrumb\":{\"@id\":\"https:\/\/www.kezakoo.com\/sup\/istp\/#breadcrumb\"},\"inLanguage\":\"fr-FR\",\"potentialAction\":[{\"@type\":\"ReadAction\",\"target\":[\"https:\/\/www.kezakoo.com\/sup\/istp\/\"]}]},{\"@type\":\"BreadcrumbList\",\"@id\":\"https:\/\/www.kezakoo.com\/sup\/istp\/#breadcrumb\",\"itemListElement\":[{\"@type\":\"ListItem\",\"position\":1,\"name\":\"Accueil\",\"item\":\"https:\/\/www.kezakoo.com\/sup\/\"},{\"@type\":\"ListItem\",\"position\":2,\"name\":\"ISTP\"}]},{\"@type\":\"WebSite\",\"@id\":\"https:\/\/www.kezakoo.com\/sup\/ar\/#website\",\"url\":\"https:\/\/www.kezakoo.com\/sup\/ar\/\",\"name\":\"Kezakoo SUP\",\"description\":\"La r\u00e9f\u00e9rence de l&#039;enseignement sup\u00e9rieur au Maroc\",\"publisher\":{\"@id\":\"https:\/\/www.kezakoo.com\/sup\/ar\/#organization\"},\"potentialAction\":[{\"@type\":\"SearchAction\",\"target\":{\"@type\":\"EntryPoint\",\"urlTemplate\":\"https:\/\/www.kezakoo.com\/sup\/ar\/?s={search_term_string}\"},\"query-input\":{\"@type\":\"PropertyValueSpecification\",\"valueRequired\":true,\"valueName\":\"search_term_string\"}}],\"inLanguage\":\"fr-FR\"},{\"@type\":\"Organization\",\"@id\":\"https:\/\/www.kezakoo.com\/sup\/ar\/#organization\",\"name\":\"Kezakoo\",\"url\":\"https:\/\/www.kezakoo.com\/sup\/ar\/\",\"logo\":{\"@type\":\"ImageObject\",\"inLanguage\":\"fr-FR\",\"@id\":\"https:\/\/www.kezakoo.com\/sup\/ar\/#\/schema\/logo\/image\/\",\"url\":\"https:\/\/kezakoo.com\/sup\/wp-content\/uploads\/2017\/04\/Logo_Kezakoo_black_orange.png\",\"contentUrl\":\"https:\/\/kezakoo.com\/sup\/wp-content\/uploads\/2017\/04\/Logo_Kezakoo_black_orange.png\",\"width\":1086,\"height\":308,\"caption\":\"Kezakoo\"},\"image\":{\"@id\":\"https:\/\/www.kezakoo.com\/sup\/ar\/#\/schema\/logo\/image\/\"},\"sameAs\":[\"https:\/\/facebook.com\/kezakoo\",\"https:\/\/www.linkedin.com\/company\/kezakoo\",\"https:\/\/www.youtube.com\/user\/kezakoo1\"]}]}<\/script>\n<!-- \/ Yoast SEO plugin. -->","yoast_head_json":{"title":"ISTP - Kezakoo SUP","robots":{"index":"index","follow":"follow","max-snippet":"max-snippet:-1","max-image-preview":"max-image-preview:large","max-video-preview":"max-video-preview:-1"},"canonical":"https:\/\/www.kezakoo.com\/sup\/istp\/","og_locale":"fr_FR","og_type":"article","og_title":"ISTP - Kezakoo SUP","og_description":"Les Virtuoses (ISTP) aiment explorer avec leurs mains et leurs yeux, en touchant et en examinant le monde qui les entoure avec un rationalisme froid et une curiosit\u00e9 fougueuse. Les personnes ayant ce type de personnalit\u00e9 sont des Cr\u00e9ateurs naturels, se d\u00e9pla\u00e7ant de projet en projet, construisant l&#8217;utile et le superflu pour le plaisir, et [&hellip;]","og_url":"https:\/\/www.kezakoo.com\/sup\/istp\/","og_site_name":"Kezakoo SUP","article_publisher":"https:\/\/facebook.com\/kezakoo","article_modified_time":"2020-05-14T13:30:46+00:00","og_image":[{"width":1900,"height":1268,"url":"https:\/\/www.kezakoo.com\/sup\/wp-content\/uploads\/2017\/04\/sup.jpg","type":"image\/jpeg"}],"twitter_card":"summary_large_image","twitter_misc":{"Dur\u00e9e de lecture estim\u00e9e":"1 minute"},"schema":{"@context":"https:\/\/schema.org","@graph":[{"@type":"WebPage","@id":"https:\/\/www.kezakoo.com\/sup\/istp\/","url":"https:\/\/www.kezakoo.com\/sup\/istp\/","name":"ISTP - Kezakoo SUP","isPartOf":{"@id":"https:\/\/www.kezakoo.com\/sup\/ar\/#website"},"datePublished":"2019-06-24T14:55:39+00:00","dateModified":"2020-05-14T13:30:46+00:00","breadcrumb":{"@id":"https:\/\/www.kezakoo.com\/sup\/istp\/#breadcrumb"},"inLanguage":"fr-FR","potentialAction":[{"@type":"ReadAction","target":["https:\/\/www.kezakoo.com\/sup\/istp\/"]}]},{"@type":"BreadcrumbList","@id":"https:\/\/www.kezakoo.com\/sup\/istp\/#breadcrumb","itemListElement":[{"@type":"ListItem","position":1,"name":"Accueil","item":"https:\/\/www.kezakoo.com\/sup\/"},{"@type":"ListItem","position":2,"name":"ISTP"}]},{"@type":"WebSite","@id":"https:\/\/www.kezakoo.com\/sup\/ar\/#website","url":"https:\/\/www.kezakoo.com\/sup\/ar\/","name":"Kezakoo SUP","description":"La r\u00e9f\u00e9rence de l&#039;enseignement sup\u00e9rieur au Maroc","publisher":{"@id":"https:\/\/www.kezakoo.com\/sup\/ar\/#organization"},"potentialAction":[{"@type":"SearchAction","target":{"@type":"EntryPoint","urlTemplate":"https:\/\/www.kezakoo.com\/sup\/ar\/?s={search_term_string}"},"query-input":{"@type":"PropertyValueSpecification","valueRequired":true,"valueName":"search_term_string"}}],"inLanguage":"fr-FR"},{"@type":"Organization","@id":"https:\/\/www.kezakoo.com\/sup\/ar\/#organization","name":"Kezakoo","url":"https:\/\/www.kezakoo.com\/sup\/ar\/","logo":{"@type":"ImageObject","inLanguage":"fr-FR","@id":"https:\/\/www.kezakoo.com\/sup\/ar\/#\/schema\/logo\/image\/","url":"https:\/\/kezakoo.com\/sup\/wp-content\/uploads\/2017\/04\/Logo_Kezakoo_black_orange.png","contentUrl":"https:\/\/kezakoo.com\/sup\/wp-content\/uploads\/2017\/04\/Logo_Kezakoo_black_orange.png","width":1086,"height":308,"caption":"Kezakoo"},"image":{"@id":"https:\/\/www.kezakoo.com\/sup\/ar\/#\/schema\/logo\/image\/"},"sameAs":["https:\/\/facebook.com\/kezakoo","https:\/\/www.linkedin.com\/company\/kezakoo","https:\/\/www.youtube.com\/user\/kezakoo1"]}]}},"lang":"fr","translations":{"fr":2959},"pll_sync_post":[],"_links":{"self":[{"href":"https:\/\/www.kezakoo.com\/sup\/wp-json\/wp\/v2\/pages\/2959","targetHints":{"allow":["GET"]}}],"collection":[{"href":"https:\/\/www.kezakoo.com\/sup\/wp-json\/wp\/v2\/pages"}],"about":[{"href":"https:\/\/www.kezakoo.com\/sup\/wp-json\/wp\/v2\/types\/page"}],"author":[{"embeddable":true,"href":"https:\/\/www.kezakoo.com\/sup\/wp-json\/wp\/v2\/users\/1"}],"replies":[{"embeddable":true,"href":"https:\/\/www.kezakoo.com\/sup\/wp-json\/wp\/v2\/comments?post=2959"}],"version-history":[{"count":8,"href":"https:\/\/www.kezakoo.com\/sup\/wp-json\/wp\/v2\/pages\/2959\/revisions"}],"predecessor-version":[{"id":3760,"href":"https:\/\/www.kezakoo.com\/sup\/wp-json\/wp\/v2\/pages\/2959\/revisions\/3760"}],"wp:attachment":[{"href":"https:\/\/www.kezakoo.com\/sup\/wp-json\/wp\/v2\/media?parent=2959"}],"curies":[{"name":"wp","href":"https:\/\/api.w.org\/{rel}","templated":true}]}}