{"id":3794,"date":"2020-05-26T12:24:48","date_gmt":"2020-05-26T11:24:48","guid":{"rendered":"https:\/\/sup.kezakoo.com\/?page_id=3794"},"modified":"2020-05-26T13:21:30","modified_gmt":"2020-05-26T12:21:30","slug":"types-de-personnalites","status":"publish","type":"page","link":"https:\/\/www.kezakoo.com\/sup\/types-de-personnalites\/","title":{"rendered":"Les 16 types de personnalit\u00e9s"},"content":{"rendered":"<p>[vc_row][vc_column][vc_empty_space][vc_column_text]<\/p>\n<h1 style=\"text-align: center;\">Les 16 types de personnalit\u00e9<\/h1>\n<p>[\/vc_column_text][\/vc_column][\/vc_row][vc_row][vc_column][vc_empty_space][vc_column_text]<\/p>\n<p style=\"text-align: center;\">Apprends \u00e0 mieux te conna\u00eetre gr\u00e2ce \u00e0 des descriptions gratuites et d\u00e9taill\u00e9es de chacun des 16 types de personnalit\u00e9 de Carl Jung. D\u00e9couvre la signification de ton type de personnalit\u00e9, tes forces et tes faiblesses, et trouve des informations pratiques sur les carri\u00e8res les plus adapt\u00e9es \u00e0 ta personnalit\u00e9.<\/p>\n<p style=\"text-align: center;\">Tu n&#8217;es pas s\u00fbr de ton type de personnalit\u00e9 ? Effectue notre <a href=\"https:\/\/www.kezakoo.com\/sup\/test-de-personnalite\/\">test de personnalit\u00e9 gratuit<\/a><\/p>\n<p>[\/vc_column_text][vc_empty_space height=&#8221;60px&#8221;][\/vc_column][\/vc_row][vc_row][vc_column][vc_empty_space][vc_column_text]<\/p>\n<h2 style=\"text-align: center;\">Les Analystes<\/h2>\n<p>[\/vc_column_text][vc_raw_html]JTNDaW1nJTIwZHJhZ2dhYmxlJTNEJTIyZmFsc2UlMjIlMjByb2xlJTNEJTIyaW1nJTIyJTIwY2xhc3MlM0QlMjJlbW9qaSUyMiUyMGFsdCUzRCUyMiVFMyU4MCVCMCUyMiUyMHNyYyUzRCUyMmh0dHBzJTNBJTJGJTJGcy53Lm9yZyUyRmltYWdlcyUyRmNvcmUlMkZlbW9qaSUyRjEyLjAuMC0xJTJGc3ZnJTJGMzAzMC5zdmclMjIlM0U=[\/vc_raw_html][vc_empty_space][\/vc_column][\/vc_row][vc_row gap=&#8221;25&#8243;][vc_column width=&#8221;1\/4&#8243; offset=&#8221;vc_col-xs-6&#8243;][vc_column_text]<\/p>\n<h3 style=\"text-align: center;\">INTJ<\/h3>\n<p style=\"text-align: center;\">Les INTJ sont des sp\u00e9cialistes de la r\u00e9solution de probl\u00e8mes analytiques, d\u00e9sireux d&#8217;am\u00e9liorer les syst\u00e8mes et les processus gr\u00e2ce \u00e0 leurs id\u00e9es novatrices. Ils ont un talent pour voir les possibilit\u00e9s d&#8217;am\u00e9lioration, que ce soit au travail, \u00e0 la maison ou en eux-m\u00eames.<\/p>\n<p>[\/vc_column_text][vc_btn title=&#8221;En savoir plus&#8221; color=&#8221;white&#8221; align=&#8221;center&#8221; el_class=&#8221;boubouton&#8221; link=&#8221;url:https%3A%2F%2Fwww.kezakoo.com%2Fsup%2Fintj%2F|title:Personnalit%C3%A9%20INTJ||&#8221;][\/vc_column][vc_column width=&#8221;1\/4&#8243; offset=&#8221;vc_col-xs-6&#8243;][vc_column_text]<\/p>\n<h3 style=\"text-align: center;\">INTP<\/h3>\n<p style=\"text-align: center;\">Les INTP sont des innovateurs philosophes, fascin\u00e9s par la logique et les syst\u00e8mes interconnect\u00e9s. Ils adorent la th\u00e9orie et recherchent la loi universelle qui se cache derri\u00e8re tout ce qu&#8217;ils voient. Ils veulent comprendre les th\u00e8mes f\u00e9d\u00e9rateurs de la vie, dans toute leur complexit\u00e9.<\/p>\n<p>[\/vc_column_text][vc_btn title=&#8221;En savoir plus&#8221; color=&#8221;white&#8221; align=&#8221;center&#8221; el_class=&#8221;boubouton&#8221; link=&#8221;url:https%3A%2F%2Fwww.kezakoo.com%2Fsup%2Fintp%2F|title:Personnalit%C3%A9%20INTP||&#8221;][\/vc_column][vc_column width=&#8221;1\/4&#8243; offset=&#8221;vc_col-xs-6&#8243;][vc_column_text]<\/p>\n<h3 style=\"text-align: center;\">ENTJ<\/h3>\n<p style=\"text-align: center;\">Les ENTJ sont des leaders strat\u00e9giques. Ils sont prompts \u00e0 constater l&#8217;inefficacit\u00e9 et \u00e0 conceptualiser de nouvelles solutions, et aiment \u00e9laborer des plans \u00e0 long terme pour r\u00e9aliser leur vision. Ils excellent dans le raisonnement logique et sont g\u00e9n\u00e9ralement articul\u00e9s et rapides d&#8217;esprit.<\/p>\n<p>[\/vc_column_text][vc_btn title=&#8221;En savoir plus&#8221; color=&#8221;white&#8221; align=&#8221;center&#8221; el_class=&#8221;boubouton&#8221; link=&#8221;url:https%3A%2F%2Fwww.kezakoo.com%2Fsup%2Fentj%2F|title:Personnalit%C3%A9%20ENTJ||&#8221;][\/vc_column][vc_column width=&#8221;1\/4&#8243;][vc_column_text]<\/p>\n<h3 style=\"text-align: center;\">ENTP<\/h3>\n<p style=\"text-align: center;\">Les ENTP sont des innovateurs plein d&#8217;\u00e9nergie, motiv\u00e9s pour trouver de nouvelles solutions \u00e0 des probl\u00e8mes intellectuellement difficiles. Ils sont curieux et intelligents, et cherchent \u00e0 comprendre les personnes, les syst\u00e8mes et les principes qui les entourent.<\/p>\n<p>[\/vc_column_text][vc_btn title=&#8221;En savoir plus&#8221; color=&#8221;white&#8221; align=&#8221;center&#8221; el_class=&#8221;boubouton&#8221; link=&#8221;url:https%3A%2F%2Fwww.kezakoo.com%2Fsup%2Fentp%2F|title:Personnalit%C3%A9%20INTJ||&#8221;][\/vc_column][\/vc_row][vc_row][vc_column][vc_empty_space][vc_column_text]<\/p>\n<h2 style=\"text-align: center;\">Les Diplomates<\/h2>\n<p>[\/vc_column_text][vc_raw_html]JTNDaW1nJTIwZHJhZ2dhYmxlJTNEJTIyZmFsc2UlMjIlMjByb2xlJTNEJTIyaW1nJTIyJTIwY2xhc3MlM0QlMjJlbW9qaSUyMiUyMGFsdCUzRCUyMiVFMyU4MCVCMCUyMiUyMHNyYyUzRCUyMmh0dHBzJTNBJTJGJTJGcy53Lm9yZyUyRmltYWdlcyUyRmNvcmUlMkZlbW9qaSUyRjEyLjAuMC0xJTJGc3ZnJTJGMzAzMC5zdmclMjIlM0U=[\/vc_raw_html][vc_empty_space][\/vc_column][\/vc_row][vc_row gap=&#8221;25&#8243;][vc_column width=&#8221;1\/4&#8243; offset=&#8221;vc_col-xs-6&#8243;][vc_column_text]<\/p>\n<h3 style=\"text-align: center;\">INFJ<\/h3>\n<p style=\"text-align: center;\">Les INFJ sont des \u00e9ducateurs cr\u00e9atifs dot\u00e9s d&#8217;un grand sens de l&#8217;int\u00e9grit\u00e9 personnelle et d&#8217;une volont\u00e9 d&#8217;aider les autres \u00e0 r\u00e9aliser leur potentiel. Cr\u00e9atifs et d\u00e9vou\u00e9s, ils ont le talent d&#8217;aider les autres \u00e0 vaincre leurs d\u00e9fis personnels avec des solutions originales.<\/p>\n<p>[\/vc_column_text][vc_btn title=&#8221;En savoir plus&#8221; color=&#8221;white&#8221; align=&#8221;center&#8221; el_class=&#8221;boubouton&#8221; link=&#8221;url:https%3A%2F%2Fwww.kezakoo.com%2Fsup%2Finfj%2F|title:Personnalit%C3%A9%20INFJ||&#8221;][\/vc_column][vc_column width=&#8221;1\/4&#8243; offset=&#8221;vc_col-xs-6&#8243;][vc_column_text]<\/p>\n<h3 style=\"text-align: center;\">INFP<\/h3>\n<p style=\"text-align: center;\">Les INFP sont des id\u00e9alistes imaginatifs, guid\u00e9s par leurs propres valeurs et croyances. Pour un gu\u00e9risseur, les possibilit\u00e9s sont plus primordiales que la r\u00e9alit\u00e9 passag\u00e8re du moment. Ils voient le potentiel d&#8217;un avenir meilleur et recherchent la v\u00e9rit\u00e9 et le sens avec leur propre flair.<\/p>\n<p>[\/vc_column_text][vc_btn title=&#8221;En savoir plus&#8221; color=&#8221;white&#8221; align=&#8221;center&#8221; el_class=&#8221;boubouton&#8221; link=&#8221;url:https%3A%2F%2Fwww.kezakoo.com%2Fsup%2Finfp%2F|title:Personnalit%C3%A9%20INFP||&#8221;][\/vc_column][vc_column width=&#8221;1\/4&#8243; offset=&#8221;vc_col-xs-6&#8243;][vc_column_text]<\/p>\n<h3 style=\"text-align: center;\">ENFJ<\/h3>\n<p style=\"text-align: center;\">Les ENFJ sont des organisateurs id\u00e9alistes, pouss\u00e9s \u00e0 mettre en \u0153uvre leur vision de ce qui est le mieux pour l&#8217;humanit\u00e9. Ils agissent souvent comme des catalyseurs de la croissance humaine en raison de leur capacit\u00e9 \u00e0 voir le potentiel des autres et de leur charisme.<\/p>\n<p>[\/vc_column_text][vc_btn title=&#8221;En savoir plus&#8221; color=&#8221;white&#8221; align=&#8221;center&#8221; el_class=&#8221;boubouton&#8221; link=&#8221;url:https%3A%2F%2Fwww.kezakoo.com%2Fsup%2Fenfj%2F|title:Personnalit%C3%A9%20ENFJ||&#8221;][\/vc_column][vc_column width=&#8221;1\/4&#8243;][vc_column_text]<\/p>\n<h3 style=\"text-align: center;\">ENFP<\/h3>\n<p style=\"text-align: center;\">Les ENFP sont des cr\u00e9ateurs centr\u00e9s sur l&#8217;\u00eatre humain, qui se concentrent sur les possibilit\u00e9s et font preuve d&#8217;un enthousiasme contagieux pour les nouvelles id\u00e9es, personnes et activit\u00e9s. \u00c9nergiques, chaleureux et passionn\u00e9s, les ENFP aiment aider d&#8217;autres personnes \u00e0 explorer leur potentiel cr\u00e9atif.<\/p>\n<p>[\/vc_column_text][vc_btn title=&#8221;En savoir plus&#8221; color=&#8221;white&#8221; align=&#8221;center&#8221; el_class=&#8221;boubouton&#8221; link=&#8221;url:https%3A%2F%2Fwww.kezakoo.com%2Fsup%2Fenfp%2F|title:Personnalit%C3%A9%20ENFP||&#8221;][\/vc_column][\/vc_row][vc_row][vc_column][vc_empty_space][vc_column_text]<\/p>\n<h2 style=\"text-align: center;\">Les Sentinelles<\/h2>\n<p>[\/vc_column_text][vc_raw_html]JTNDaW1nJTIwZHJhZ2dhYmxlJTNEJTIyZmFsc2UlMjIlMjByb2xlJTNEJTIyaW1nJTIyJTIwY2xhc3MlM0QlMjJlbW9qaSUyMiUyMGFsdCUzRCUyMiVFMyU4MCVCMCUyMiUyMHNyYyUzRCUyMmh0dHBzJTNBJTJGJTJGcy53Lm9yZyUyRmltYWdlcyUyRmNvcmUlMkZlbW9qaSUyRjEyLjAuMC0xJTJGc3ZnJTJGMzAzMC5zdmclMjIlM0U=[\/vc_raw_html][vc_empty_space][\/vc_column][\/vc_row][vc_row gap=&#8221;25&#8243;][vc_column width=&#8221;1\/4&#8243; offset=&#8221;vc_col-xs-6&#8243;][vc_column_text]<\/p>\n<h3 style=\"text-align: center;\">ISTJ<\/h3>\n<p style=\"text-align: center;\">Les ISTJ sont des organisateurs responsables, motiv\u00e9s pour cr\u00e9er et faire respecter l&#8217;ordre au sein des syst\u00e8mes et des institutions. Ils sont soign\u00e9s et ordonn\u00e9s, \u00e0 l&#8217;int\u00e9rieur comme \u00e0 l&#8217;ext\u00e9rieur, et ont tendance \u00e0 avoir une proc\u00e9dure bien ficel\u00e9e pour tout ce qu&#8217;ils font.<\/p>\n<p>[\/vc_column_text][vc_btn title=&#8221;En savoir plus&#8221; color=&#8221;white&#8221; align=&#8221;center&#8221; el_class=&#8221;boubouton&#8221; link=&#8221;url:https%3A%2F%2Fwww.kezakoo.com%2Fsup%2Fistj%2F|title:Personnalit%C3%A9%20ISTJ||&#8221;][\/vc_column][vc_column width=&#8221;1\/4&#8243; offset=&#8221;vc_col-xs-6&#8243;][vc_column_text]<\/p>\n<h3 style=\"text-align: center;\">ISFJ<\/h3>\n<p style=\"text-align: center;\">Les ISFJ sont des gardiens laborieux, fid\u00e8les aux traditions et aux organisations. Ils sont pratiques, compatissants et attentionn\u00e9s, et sont motiv\u00e9s pour subvenir aux besoins des autres et les prot\u00e9ger contre les dangers de la vie.<\/p>\n<p>[\/vc_column_text][vc_btn title=&#8221;En savoir plus&#8221; color=&#8221;white&#8221; align=&#8221;center&#8221; el_class=&#8221;boubouton&#8221; link=&#8221;url:https%3A%2F%2Fwww.kezakoo.com%2Fsup%2Fisfj%2F|title:Personnalit%C3%A9%20ISFJ||&#8221;][\/vc_column][vc_column width=&#8221;1\/4&#8243; offset=&#8221;vc_col-xs-6&#8243;][vc_column_text]<\/p>\n<h3 style=\"text-align: center;\">ESTJ<\/h3>\n<p style=\"text-align: center;\">Les ESTJ sont des traditionalistes qui travaillent dur, d\u00e9sireux de prendre en charge l&#8217;organisation des projets et des personnes. Ordonn\u00e9es, respectueux des r\u00e8gles et consciencieux, les ESTJ aiment faire avancer les choses et ont tendance \u00e0 mener des projets de mani\u00e8re syst\u00e9matique et m\u00e9thodique.<\/p>\n<p>[\/vc_column_text][vc_btn title=&#8221;En savoir plus&#8221; color=&#8221;white&#8221; align=&#8221;center&#8221; el_class=&#8221;boubouton&#8221; link=&#8221;url:https%3A%2F%2Fwww.kezakoo.com%2Fsup%2Festj%2F|title:Personnalit%C3%A9%20ESTJ||&#8221;][\/vc_column][vc_column width=&#8221;1\/4&#8243;][vc_column_text]<\/p>\n<h3 style=\"text-align: center;\">ESFJ<\/h3>\n<p style=\"text-align: center;\">Les ESFJ sont des assistants consciencieux, sensibles aux besoins des autres et \u00e9nergiquement d\u00e9vou\u00e9s \u00e0 leurs responsabilit\u00e9s. Ils sont tr\u00e8s sensibles \u00e0 leur environnement \u00e9motionnel et attentifs \u00e0 la fois aux sentiments des autres et \u00e0 la perception que les autres ont d&#8217;eux.<\/p>\n<p>[\/vc_column_text][vc_btn title=&#8221;En savoir plus&#8221; color=&#8221;white&#8221; align=&#8221;center&#8221; el_class=&#8221;boubouton&#8221; link=&#8221;url:https%3A%2F%2Fwww.kezakoo.com%2Fsup%2Fesfj%2F|title:Personnalit%C3%A9%20ESFJ||&#8221;][\/vc_column][\/vc_row][vc_row][vc_column][vc_empty_space][vc_column_text]<\/p>\n<h2 style=\"text-align: center;\">Les Explorateurs<\/h2>\n<p>[\/vc_column_text][vc_raw_html]JTNDaW1nJTIwZHJhZ2dhYmxlJTNEJTIyZmFsc2UlMjIlMjByb2xlJTNEJTIyaW1nJTIyJTIwY2xhc3MlM0QlMjJlbW9qaSUyMiUyMGFsdCUzRCUyMiVFMyU4MCVCMCUyMiUyMHNyYyUzRCUyMmh0dHBzJTNBJTJGJTJGcy53Lm9yZyUyRmltYWdlcyUyRmNvcmUlMkZlbW9qaSUyRjEyLjAuMC0xJTJGc3ZnJTJGMzAzMC5zdmclMjIlM0U=[\/vc_raw_html][vc_empty_space][\/vc_column][\/vc_row][vc_row gap=&#8221;25&#8243;][vc_column width=&#8221;1\/4&#8243; offset=&#8221;vc_col-xs-6&#8243;][vc_column_text]<\/p>\n<h3 style=\"text-align: center;\">ISTP<\/h3>\n<p style=\"text-align: center;\">Les ISTP sont des artisans qui comprennent la m\u00e9canique et s&#8217;int\u00e9ressent au travaux manuels. Ils abordent leur environnement avec une logique souple, en cherchant des solutions pratiques aux probl\u00e8mes qui se posent.<\/p>\n<p>[\/vc_column_text][vc_btn title=&#8221;En savoir plus&#8221; color=&#8221;white&#8221; align=&#8221;center&#8221; el_class=&#8221;boubouton&#8221; link=&#8221;url:https%3A%2F%2Fwww.kezakoo.com%2Fsup%2Fistp|title:Personnalit%C3%A9%20ISTP||&#8221;][\/vc_column][vc_column width=&#8221;1\/4&#8243; offset=&#8221;vc_col-xs-6&#8243;][vc_column_text]<\/p>\n<h3 style=\"text-align: center;\">ISFP<\/h3>\n<p style=\"text-align: center;\">Les ISFP sont de gentils gardiens qui vivent le moment pr\u00e9sent et appr\u00e9cient leur environnement avec un enthousiasme joyeux et discret. Ils sont flexibles et spontan\u00e9s, et aiment suivre la vague pour profiter de ce que la vie a \u00e0 offrir.<\/p>\n<p>[\/vc_column_text][vc_btn title=&#8221;En savoir plus&#8221; color=&#8221;white&#8221; align=&#8221;center&#8221; el_class=&#8221;boubouton&#8221; link=&#8221;url:https%3A%2F%2Fwww.kezakoo.com%2Fsup%2Fisfp|title:Personnalit%C3%A9%20ISFP||&#8221;][\/vc_column][vc_column width=&#8221;1\/4&#8243; offset=&#8221;vc_col-xs-6&#8243;][vc_column_text]<\/p>\n<h3 style=\"text-align: center;\">ESTP<\/h3>\n<p style=\"text-align: center;\">Les ESTP sont des amateurs de sensations fortes qui sont \u00e0 leur meilleur lorsqu&#8217;il s&#8217;agit d&#8217;\u00e9teindre des feux, litt\u00e9ralement et m\u00e9taphoriquement. Ils apportent un sentiment d&#8217;\u00e9nergie dynamique dans leurs interactions avec les autres et le monde qui les entoure.<\/p>\n<p>[\/vc_column_text][vc_btn title=&#8221;En savoir plus&#8221; color=&#8221;white&#8221; align=&#8221;center&#8221; el_class=&#8221;boubouton&#8221; link=&#8221;url:https%3A%2F%2Fwww.kezakoo.com%2Fsup%2Festp|title:Personnalit%C3%A9%20ESTP||&#8221;][\/vc_column][vc_column width=&#8221;1\/4&#8243;][vc_column_text]<\/p>\n<h3 style=\"text-align: center;\">ESFP<\/h3>\n<p style=\"text-align: center;\">Les ESFP sont des animateurs dynamiques qui charment et font participer leur entourage. Ils sont spontan\u00e9s, \u00e9nergiques et amusants, et prennent plaisir aux choses qui les entourent : la nourriture, les v\u00eatements, la nature, les animaux et surtout les gens.<\/p>\n<p>[\/vc_column_text][vc_btn title=&#8221;En savoir plus&#8221; color=&#8221;white&#8221; align=&#8221;center&#8221; el_class=&#8221;boubouton&#8221; link=&#8221;url:https%3A%2F%2Fwww.kezakoo.com%2Fsup%2Fesfp|title:Personnalit%C3%A9%20ESFP||&#8221;][\/vc_column][\/vc_row]<\/p>\n","protected":false},"excerpt":{"rendered":"<p>[vc_row][vc_column][vc_empty_space][vc_column_text] Les 16 types de personnalit\u00e9 [\/vc_column_text][\/vc_column][\/vc_row][vc_row][vc_column][vc_empty_space][vc_column_text] Apprends \u00e0 mieux te conna\u00eetre gr\u00e2ce \u00e0 des descriptions gratuites et d\u00e9taill\u00e9es de chacun des 16 types de personnalit\u00e9 de Carl Jung. D\u00e9couvre la signification de ton type de personnalit\u00e9, tes forces et tes faiblesses, et trouve des informations pratiques sur les carri\u00e8res les plus adapt\u00e9es \u00e0 ta [&hellip;]<\/p>\n","protected":false},"author":1,"featured_media":0,"parent":0,"menu_order":0,"comment_status":"closed","ping_status":"closed","template":"","meta":{"_acf_changed":false,"footnotes":""},"class_list":["post-3794","page","type-page","status-publish","hentry"],"acf":[],"yoast_head":"<!-- This site is optimized with the Yoast SEO plugin v26.7 - https:\/\/yoast.com\/wordpress\/plugins\/seo\/ -->\n<title>Les 16 types de personnalit\u00e9s - Kezakoo SUP<\/title>\n<meta name=\"robots\" content=\"index, follow, max-snippet:-1, max-image-preview:large, max-video-preview:-1\" \/>\n<link rel=\"canonical\" href=\"https:\/\/www.kezakoo.com\/sup\/types-de-personnalites\/\" \/>\n<meta property=\"og:locale\" content=\"fr_FR\" \/>\n<meta property=\"og:type\" content=\"article\" \/>\n<meta property=\"og:title\" content=\"Les 16 types de personnalit\u00e9s - Kezakoo SUP\" \/>\n<meta property=\"og:description\" content=\"[vc_row][vc_column][vc_empty_space][vc_column_text] Les 16 types de personnalit\u00e9 [\/vc_column_text][\/vc_column][\/vc_row][vc_row][vc_column][vc_empty_space][vc_column_text] Apprends \u00e0 mieux te conna\u00eetre gr\u00e2ce \u00e0 des descriptions gratuites et d\u00e9taill\u00e9es de chacun des 16 types de personnalit\u00e9 de Carl Jung. D\u00e9couvre la signification de ton type de personnalit\u00e9, tes forces et tes faiblesses, et trouve des informations pratiques sur les carri\u00e8res les plus adapt\u00e9es \u00e0 ta [&hellip;]\" \/>\n<meta property=\"og:url\" content=\"https:\/\/www.kezakoo.com\/sup\/types-de-personnalites\/\" \/>\n<meta property=\"og:site_name\" content=\"Kezakoo SUP\" \/>\n<meta property=\"article:publisher\" content=\"https:\/\/facebook.com\/kezakoo\" \/>\n<meta property=\"article:modified_time\" content=\"2020-05-26T12:21:30+00:00\" \/>\n<meta property=\"og:image\" content=\"https:\/\/www.kezakoo.com\/sup\/wp-content\/uploads\/2017\/04\/sup.jpg\" \/>\n\t<meta property=\"og:image:width\" content=\"1900\" \/>\n\t<meta property=\"og:image:height\" content=\"1268\" \/>\n\t<meta property=\"og:image:type\" content=\"image\/jpeg\" \/>\n<meta name=\"twitter:card\" content=\"summary_large_image\" \/>\n<meta name=\"twitter:label1\" content=\"Dur\u00e9e de lecture estim\u00e9e\" \/>\n\t<meta name=\"twitter:data1\" content=\"9 minutes\" \/>\n<script type=\"application\/ld+json\" class=\"yoast-schema-graph\">{\"@context\":\"https:\/\/schema.org\",\"@graph\":[{\"@type\":\"WebPage\",\"@id\":\"https:\/\/www.kezakoo.com\/sup\/types-de-personnalites\/\",\"url\":\"https:\/\/www.kezakoo.com\/sup\/types-de-personnalites\/\",\"name\":\"Les 16 types de personnalit\u00e9s - Kezakoo SUP\",\"isPartOf\":{\"@id\":\"https:\/\/www.kezakoo.com\/sup\/ar\/#website\"},\"datePublished\":\"2020-05-26T11:24:48+00:00\",\"dateModified\":\"2020-05-26T12:21:30+00:00\",\"breadcrumb\":{\"@id\":\"https:\/\/www.kezakoo.com\/sup\/types-de-personnalites\/#breadcrumb\"},\"inLanguage\":\"fr-FR\",\"potentialAction\":[{\"@type\":\"ReadAction\",\"target\":[\"https:\/\/www.kezakoo.com\/sup\/types-de-personnalites\/\"]}]},{\"@type\":\"BreadcrumbList\",\"@id\":\"https:\/\/www.kezakoo.com\/sup\/types-de-personnalites\/#breadcrumb\",\"itemListElement\":[{\"@type\":\"ListItem\",\"position\":1,\"name\":\"Accueil\",\"item\":\"https:\/\/www.kezakoo.com\/sup\/\"},{\"@type\":\"ListItem\",\"position\":2,\"name\":\"Les 16 types de personnalit\u00e9s\"}]},{\"@type\":\"WebSite\",\"@id\":\"https:\/\/www.kezakoo.com\/sup\/ar\/#website\",\"url\":\"https:\/\/www.kezakoo.com\/sup\/ar\/\",\"name\":\"Kezakoo SUP\",\"description\":\"La r\u00e9f\u00e9rence de l&#039;enseignement sup\u00e9rieur au Maroc\",\"publisher\":{\"@id\":\"https:\/\/www.kezakoo.com\/sup\/ar\/#organization\"},\"potentialAction\":[{\"@type\":\"SearchAction\",\"target\":{\"@type\":\"EntryPoint\",\"urlTemplate\":\"https:\/\/www.kezakoo.com\/sup\/ar\/?s={search_term_string}\"},\"query-input\":{\"@type\":\"PropertyValueSpecification\",\"valueRequired\":true,\"valueName\":\"search_term_string\"}}],\"inLanguage\":\"fr-FR\"},{\"@type\":\"Organization\",\"@id\":\"https:\/\/www.kezakoo.com\/sup\/ar\/#organization\",\"name\":\"Kezakoo\",\"url\":\"https:\/\/www.kezakoo.com\/sup\/ar\/\",\"logo\":{\"@type\":\"ImageObject\",\"inLanguage\":\"fr-FR\",\"@id\":\"https:\/\/www.kezakoo.com\/sup\/ar\/#\/schema\/logo\/image\/\",\"url\":\"https:\/\/kezakoo.com\/sup\/wp-content\/uploads\/2017\/04\/Logo_Kezakoo_black_orange.png\",\"contentUrl\":\"https:\/\/kezakoo.com\/sup\/wp-content\/uploads\/2017\/04\/Logo_Kezakoo_black_orange.png\",\"width\":1086,\"height\":308,\"caption\":\"Kezakoo\"},\"image\":{\"@id\":\"https:\/\/www.kezakoo.com\/sup\/ar\/#\/schema\/logo\/image\/\"},\"sameAs\":[\"https:\/\/facebook.com\/kezakoo\",\"https:\/\/www.linkedin.com\/company\/kezakoo\",\"https:\/\/www.youtube.com\/user\/kezakoo1\"]}]}<\/script>\n<!-- \/ Yoast SEO plugin. -->","yoast_head_json":{"title":"Les 16 types de personnalit\u00e9s - Kezakoo SUP","robots":{"index":"index","follow":"follow","max-snippet":"max-snippet:-1","max-image-preview":"max-image-preview:large","max-video-preview":"max-video-preview:-1"},"canonical":"https:\/\/www.kezakoo.com\/sup\/types-de-personnalites\/","og_locale":"fr_FR","og_type":"article","og_title":"Les 16 types de personnalit\u00e9s - Kezakoo SUP","og_description":"[vc_row][vc_column][vc_empty_space][vc_column_text] Les 16 types de personnalit\u00e9 [\/vc_column_text][\/vc_column][\/vc_row][vc_row][vc_column][vc_empty_space][vc_column_text] Apprends \u00e0 mieux te conna\u00eetre gr\u00e2ce \u00e0 des descriptions gratuites et d\u00e9taill\u00e9es de chacun des 16 types de personnalit\u00e9 de Carl Jung. D\u00e9couvre la signification de ton type de personnalit\u00e9, tes forces et tes faiblesses, et trouve des informations pratiques sur les carri\u00e8res les plus adapt\u00e9es \u00e0 ta [&hellip;]","og_url":"https:\/\/www.kezakoo.com\/sup\/types-de-personnalites\/","og_site_name":"Kezakoo SUP","article_publisher":"https:\/\/facebook.com\/kezakoo","article_modified_time":"2020-05-26T12:21:30+00:00","og_image":[{"width":1900,"height":1268,"url":"https:\/\/www.kezakoo.com\/sup\/wp-content\/uploads\/2017\/04\/sup.jpg","type":"image\/jpeg"}],"twitter_card":"summary_large_image","twitter_misc":{"Dur\u00e9e de lecture estim\u00e9e":"9 minutes"},"schema":{"@context":"https:\/\/schema.org","@graph":[{"@type":"WebPage","@id":"https:\/\/www.kezakoo.com\/sup\/types-de-personnalites\/","url":"https:\/\/www.kezakoo.com\/sup\/types-de-personnalites\/","name":"Les 16 types de personnalit\u00e9s - Kezakoo SUP","isPartOf":{"@id":"https:\/\/www.kezakoo.com\/sup\/ar\/#website"},"datePublished":"2020-05-26T11:24:48+00:00","dateModified":"2020-05-26T12:21:30+00:00","breadcrumb":{"@id":"https:\/\/www.kezakoo.com\/sup\/types-de-personnalites\/#breadcrumb"},"inLanguage":"fr-FR","potentialAction":[{"@type":"ReadAction","target":["https:\/\/www.kezakoo.com\/sup\/types-de-personnalites\/"]}]},{"@type":"BreadcrumbList","@id":"https:\/\/www.kezakoo.com\/sup\/types-de-personnalites\/#breadcrumb","itemListElement":[{"@type":"ListItem","position":1,"name":"Accueil","item":"https:\/\/www.kezakoo.com\/sup\/"},{"@type":"ListItem","position":2,"name":"Les 16 types de personnalit\u00e9s"}]},{"@type":"WebSite","@id":"https:\/\/www.kezakoo.com\/sup\/ar\/#website","url":"https:\/\/www.kezakoo.com\/sup\/ar\/","name":"Kezakoo SUP","description":"La r\u00e9f\u00e9rence de l&#039;enseignement sup\u00e9rieur au Maroc","publisher":{"@id":"https:\/\/www.kezakoo.com\/sup\/ar\/#organization"},"potentialAction":[{"@type":"SearchAction","target":{"@type":"EntryPoint","urlTemplate":"https:\/\/www.kezakoo.com\/sup\/ar\/?s={search_term_string}"},"query-input":{"@type":"PropertyValueSpecification","valueRequired":true,"valueName":"search_term_string"}}],"inLanguage":"fr-FR"},{"@type":"Organization","@id":"https:\/\/www.kezakoo.com\/sup\/ar\/#organization","name":"Kezakoo","url":"https:\/\/www.kezakoo.com\/sup\/ar\/","logo":{"@type":"ImageObject","inLanguage":"fr-FR","@id":"https:\/\/www.kezakoo.com\/sup\/ar\/#\/schema\/logo\/image\/","url":"https:\/\/kezakoo.com\/sup\/wp-content\/uploads\/2017\/04\/Logo_Kezakoo_black_orange.png","contentUrl":"https:\/\/kezakoo.com\/sup\/wp-content\/uploads\/2017\/04\/Logo_Kezakoo_black_orange.png","width":1086,"height":308,"caption":"Kezakoo"},"image":{"@id":"https:\/\/www.kezakoo.com\/sup\/ar\/#\/schema\/logo\/image\/"},"sameAs":["https:\/\/facebook.com\/kezakoo","https:\/\/www.linkedin.com\/company\/kezakoo","https:\/\/www.youtube.com\/user\/kezakoo1"]}]}},"lang":"fr","translations":{"ar":6184,"fr":3794},"pll_sync_post":[],"_links":{"self":[{"href":"https:\/\/www.kezakoo.com\/sup\/wp-json\/wp\/v2\/pages\/3794","targetHints":{"allow":["GET"]}}],"collection":[{"href":"https:\/\/www.kezakoo.com\/sup\/wp-json\/wp\/v2\/pages"}],"about":[{"href":"https:\/\/www.kezakoo.com\/sup\/wp-json\/wp\/v2\/types\/page"}],"author":[{"embeddable":true,"href":"https:\/\/www.kezakoo.com\/sup\/wp-json\/wp\/v2\/users\/1"}],"replies":[{"embeddable":true,"href":"https:\/\/www.kezakoo.com\/sup\/wp-json\/wp\/v2\/comments?post=3794"}],"version-history":[{"count":23,"href":"https:\/\/www.kezakoo.com\/sup\/wp-json\/wp\/v2\/pages\/3794\/revisions"}],"predecessor-version":[{"id":3817,"href":"https:\/\/www.kezakoo.com\/sup\/wp-json\/wp\/v2\/pages\/3794\/revisions\/3817"}],"wp:attachment":[{"href":"https:\/\/www.kezakoo.com\/sup\/wp-json\/wp\/v2\/media?parent=3794"}],"curies":[{"name":"wp","href":"https:\/\/api.w.org\/{rel}","templated":true}]}}