{"id":3859,"date":"2020-05-27T17:47:05","date_gmt":"2020-05-27T16:47:05","guid":{"rendered":"https:\/\/sup.kezakoo.com\/?page_id=3859"},"modified":"2020-06-09T14:30:45","modified_gmt":"2020-06-09T13:30:45","slug":"generation-de-leads","status":"publish","type":"page","link":"https:\/\/www.kezakoo.com\/sup\/generation-de-leads\/","title":{"rendered":"G\u00e9n\u00e9ration de leads"},"content":{"rendered":"<p>[vc_row content_placement=&#8221;middle&#8221;][vc_column width=&#8221;7\/12&#8243;][vc_empty_space height=&#8221;40px&#8221;][vc_empty_space height=&#8221;40px&#8221;][vc_column_text]<\/p>\n<h1 style=\"text-align: left;\">Obtenez des contacts qualifi\u00e9s et int\u00e9ress\u00e9s par votre \u00e9tablissement<\/h1>\n<p>[\/vc_column_text][vc_empty_space height=&#8221;40px&#8221;][vc_column_text]<\/p>\n<p style=\"text-align: left;\">D\u00e9l\u00e9guez les campagnes d&#8217;acquisition de vos futurs \u00e9tudiants \u00e0 Kezakoo SUP et ne payez qu\u2019au contact re\u00e7u.<\/p>\n<p>[\/vc_column_text][\/vc_column][vc_column width=&#8221;5\/12&#8243;][vc_single_image image=&#8221;3860&#8243; img_size=&#8221;full&#8221;][\/vc_column][\/vc_row][vc_row content_placement=&#8221;middle&#8221;][vc_column][vc_column_text]<\/p>\n<h2 style=\"text-align: center;\">Des offres flexibles, un mod\u00e8le \u00e0 la performance<\/h2>\n<p>[\/vc_column_text][vc_empty_space height=&#8221;40px&#8221;][vc_row_inner][vc_column_inner width=&#8221;1\/3&#8243;][vc_icon type=&#8221;linecons&#8221; icon_linecons=&#8221;vc_li vc_li-study&#8221; color=&#8221;custom&#8221; size=&#8221;lg&#8221; align=&#8221;center&#8221; custom_color=&#8221;#ff6600&#8243;][vc_column_text]<\/p>\n<p style=\"text-align: center;\">Tous les contacts transmis sont directement int\u00e9ress\u00e9s par votre \u00e9tablissement<\/p>\n<p>[\/vc_column_text][\/vc_column_inner][vc_column_inner width=&#8221;1\/3&#8243;][vc_icon type=&#8221;linecons&#8221; icon_linecons=&#8221;vc_li vc_li-params&#8221; color=&#8221;custom&#8221; size=&#8221;lg&#8221; align=&#8221;center&#8221; custom_color=&#8221;#ff6600&#8243;][vc_column_text]<\/p>\n<p style=\"text-align: center;\">Degr\u00e9s de qualification modulables (ville, lyc\u00e9e priv\u00e9\/public&#8230;)<\/p>\n<p>[\/vc_column_text][\/vc_column_inner][vc_column_inner width=&#8221;1\/3&#8243;][vc_icon type=&#8221;linecons&#8221; icon_linecons=&#8221;vc_li vc_li-banknote&#8221; color=&#8221;custom&#8221; size=&#8221;lg&#8221; align=&#8221;center&#8221; custom_color=&#8221;#ff6600&#8243;][vc_column_text]<\/p>\n<p style=\"text-align: center;\">Vous ne payez qu&#8217;au contact re\u00e7u<\/p>\n<p>[\/vc_column_text][\/vc_column_inner][\/vc_row_inner][\/vc_column][\/vc_row][vc_row content_placement=&#8221;middle&#8221;][vc_column width=&#8221;7\/12&#8243;][vc_column_text]<\/p>\n<h2 style=\"text-align: left;\">Estimez le retour sur investissement d&#8217;une op\u00e9ration marketing avec Kezakoo<\/h2>\n<p>[\/vc_column_text][vc_empty_space height=&#8221;40px&#8221;][vc_column_text]<\/p>\n<p style=\"text-align: left;\">Remplissez simplement les champs ci-dessous et obtenez imm\u00e9diatement une estimation de votre retour sur investissement.<\/p>\n<p>[\/vc_column_text][vc_empty_space height=&#8221;40px&#8221;][vc_column_text]\n           <form  action=\"https:\/\/www.kezakoo.com\/sup\/wp-admin\/admin-post.php\" method=\"post\" class=\"\">\n           \n           <input type=\"hidden\" name=\"action\" value=\"roiste\">\n\n<p><label>Frais de scolarit\u00e9* (par an)<\/label><br>\n   <input type=\"text\" name=\"frais\" class=\"\">  <\/p>\n<p><label>Type de formation*<\/label><br>\n   <select name=\"formation\"><option value=\"Licence\">Licence<\/option><option value=\"Master\">Master<\/option><option value=\"Bachelor\">Bachelor<\/option><option value=\"Pr\u00e9pa\">Pr\u00e9pa<\/option><option value=\"Autre\">Autre<\/option><\/select>  <\/p>\n<p><label>Nombre de contacts qualifi\u00e9s souhait\u00e9s*<\/label><br>\n    <input type=\"text\" name=\"contacts\"> <\/p>\n<p><label> Votre adresse email*<\/label><br>\n    <input type=\"email\" name=\"your-email\" size=\"40\"><\/p>\n<p><input type=\"submit\" value=\"Estimez votre ROI\"><\/p>\n                [\/vc_column_text][\/vc_column][vc_column width=&#8221;5\/12&#8243;][vc_single_image image=&#8221;3873&#8243; img_size=&#8221;full&#8221;][\/vc_column][\/vc_row][vc_row][vc_column width=&#8221;1\/6&#8243;][\/vc_column][vc_column width=&#8221;2\/3&#8243;][vc_empty_space height=&#8221;40px&#8221;][vc_raw_html]JTNDaW1nJTIwZHJhZ2dhYmxlJTNEJTIyZmFsc2UlMjIlMjByb2xlJTNEJTIyaW1nJTIyJTIwY2xhc3MlM0QlMjJlbW9qaSUyMiUyMGFsdCUzRCUyMiVFMyU4MCVCMCUyMiUyMHNyYyUzRCUyMmh0dHBzJTNBJTJGJTJGcy53Lm9yZyUyRmltYWdlcyUyRmNvcmUlMkZlbW9qaSUyRjEyLjAuMC0xJTJGc3ZnJTJGMzAzMC5zdmclMjIlM0U=[\/vc_raw_html][vc_column_text]<\/p>\n<h2 style=\"text-align: center;\">Atteignez vos objectifs d&#8217;acquisition d&#8217;\u00e9tudiants de mani\u00e8re fluide et efficace<\/h2>\n<p>[\/vc_column_text][vc_empty_space height=&#8221;40px&#8221;][vc_column_text]<\/p>\n<p style=\"text-align: center;\">Mettez en avant votre \u00e9tablissement aupr\u00e8s de centaines de milliers d&#8217;\u00e9tudiants, et g\u00e9n\u00e9rez des contacts qualifi\u00e9s en collaborant avec notre plateforme.<\/p>\n<p>[\/vc_column_text][vc_empty_space height=&#8221;40px&#8221;][vc_btn title=&#8221;Contactez-nous d\u00e8s aujourd&#8217;hui&#8221; style=&#8221;flat&#8221; color=&#8221;black&#8221; size=&#8221;lg&#8221; align=&#8221;center&#8221; el_class=&#8221;bouton&#8221;][\/vc_column][vc_column width=&#8221;1\/6&#8243;][\/vc_column][\/vc_row]<\/p>\n","protected":false},"excerpt":{"rendered":"<p>[vc_row content_placement=&#8221;middle&#8221;][vc_column width=&#8221;7\/12&#8243;][vc_empty_space height=&#8221;40px&#8221;][vc_empty_space height=&#8221;40px&#8221;][vc_column_text] Obtenez des contacts qualifi\u00e9s et int\u00e9ress\u00e9s par votre \u00e9tablissement [\/vc_column_text][vc_empty_space height=&#8221;40px&#8221;][vc_column_text] D\u00e9l\u00e9guez les campagnes d&#8217;acquisition de vos futurs \u00e9tudiants \u00e0 Kezakoo SUP et ne payez qu\u2019au contact re\u00e7u. [\/vc_column_text][\/vc_column][vc_column width=&#8221;5\/12&#8243;][vc_single_image image=&#8221;3860&#8243; img_size=&#8221;full&#8221;][\/vc_column][\/vc_row][vc_row content_placement=&#8221;middle&#8221;][vc_column][vc_column_text] Des offres flexibles, un mod\u00e8le \u00e0 la performance [\/vc_column_text][vc_empty_space height=&#8221;40px&#8221;][vc_row_inner][vc_column_inner width=&#8221;1\/3&#8243;][vc_icon type=&#8221;linecons&#8221; icon_linecons=&#8221;vc_li vc_li-study&#8221; color=&#8221;custom&#8221; size=&#8221;lg&#8221; align=&#8221;center&#8221; [&hellip;]<\/p>\n","protected":false},"author":1,"featured_media":0,"parent":0,"menu_order":0,"comment_status":"closed","ping_status":"closed","template":"","meta":{"_acf_changed":false,"footnotes":""},"class_list":["post-3859","page","type-page","status-publish","hentry"],"acf":[],"yoast_head":"<!-- This site is optimized with the Yoast SEO plugin v26.7 - https:\/\/yoast.com\/wordpress\/plugins\/seo\/ -->\n<title>G\u00e9n\u00e9ration de leads - Kezakoo SUP<\/title>\n<meta name=\"robots\" content=\"index, follow, max-snippet:-1, max-image-preview:large, max-video-preview:-1\" \/>\n<link rel=\"canonical\" href=\"https:\/\/www.kezakoo.com\/sup\/generation-de-leads\/\" \/>\n<meta property=\"og:locale\" content=\"fr_FR\" \/>\n<meta property=\"og:type\" content=\"article\" \/>\n<meta property=\"og:title\" content=\"G\u00e9n\u00e9ration de leads - Kezakoo SUP\" \/>\n<meta property=\"og:description\" content=\"[vc_row content_placement=&#8221;middle&#8221;][vc_column width=&#8221;7\/12&#8243;][vc_empty_space height=&#8221;40px&#8221;][vc_empty_space height=&#8221;40px&#8221;][vc_column_text] Obtenez des contacts qualifi\u00e9s et int\u00e9ress\u00e9s par votre \u00e9tablissement [\/vc_column_text][vc_empty_space height=&#8221;40px&#8221;][vc_column_text] D\u00e9l\u00e9guez les campagnes d&#8217;acquisition de vos futurs \u00e9tudiants \u00e0 Kezakoo SUP et ne payez qu\u2019au contact re\u00e7u. [\/vc_column_text][\/vc_column][vc_column width=&#8221;5\/12&#8243;][vc_single_image image=&#8221;3860&#8243; img_size=&#8221;full&#8221;][\/vc_column][\/vc_row][vc_row content_placement=&#8221;middle&#8221;][vc_column][vc_column_text] Des offres flexibles, un mod\u00e8le \u00e0 la performance [\/vc_column_text][vc_empty_space height=&#8221;40px&#8221;][vc_row_inner][vc_column_inner width=&#8221;1\/3&#8243;][vc_icon type=&#8221;linecons&#8221; icon_linecons=&#8221;vc_li vc_li-study&#8221; color=&#8221;custom&#8221; size=&#8221;lg&#8221; align=&#8221;center&#8221; [&hellip;]\" \/>\n<meta property=\"og:url\" content=\"https:\/\/www.kezakoo.com\/sup\/generation-de-leads\/\" \/>\n<meta property=\"og:site_name\" content=\"Kezakoo SUP\" \/>\n<meta property=\"article:publisher\" content=\"https:\/\/facebook.com\/kezakoo\" \/>\n<meta property=\"article:modified_time\" content=\"2020-06-09T13:30:45+00:00\" \/>\n<meta property=\"og:image\" content=\"https:\/\/www.kezakoo.com\/sup\/wp-content\/uploads\/2017\/04\/sup.jpg\" \/>\n\t<meta property=\"og:image:width\" content=\"1900\" \/>\n\t<meta property=\"og:image:height\" content=\"1268\" \/>\n\t<meta property=\"og:image:type\" content=\"image\/jpeg\" \/>\n<meta name=\"twitter:card\" content=\"summary_large_image\" \/>\n<meta name=\"twitter:label1\" content=\"Dur\u00e9e de lecture estim\u00e9e\" \/>\n\t<meta name=\"twitter:data1\" content=\"2 minutes\" \/>\n<script type=\"application\/ld+json\" class=\"yoast-schema-graph\">{\"@context\":\"https:\/\/schema.org\",\"@graph\":[{\"@type\":\"WebPage\",\"@id\":\"https:\/\/www.kezakoo.com\/sup\/generation-de-leads\/\",\"url\":\"https:\/\/www.kezakoo.com\/sup\/generation-de-leads\/\",\"name\":\"G\u00e9n\u00e9ration de leads - Kezakoo SUP\",\"isPartOf\":{\"@id\":\"https:\/\/www.kezakoo.com\/sup\/ar\/#website\"},\"datePublished\":\"2020-05-27T16:47:05+00:00\",\"dateModified\":\"2020-06-09T13:30:45+00:00\",\"breadcrumb\":{\"@id\":\"https:\/\/www.kezakoo.com\/sup\/generation-de-leads\/#breadcrumb\"},\"inLanguage\":\"fr-FR\",\"potentialAction\":[{\"@type\":\"ReadAction\",\"target\":[\"https:\/\/www.kezakoo.com\/sup\/generation-de-leads\/\"]}]},{\"@type\":\"BreadcrumbList\",\"@id\":\"https:\/\/www.kezakoo.com\/sup\/generation-de-leads\/#breadcrumb\",\"itemListElement\":[{\"@type\":\"ListItem\",\"position\":1,\"name\":\"Accueil\",\"item\":\"https:\/\/www.kezakoo.com\/sup\/\"},{\"@type\":\"ListItem\",\"position\":2,\"name\":\"G\u00e9n\u00e9ration de leads\"}]},{\"@type\":\"WebSite\",\"@id\":\"https:\/\/www.kezakoo.com\/sup\/ar\/#website\",\"url\":\"https:\/\/www.kezakoo.com\/sup\/ar\/\",\"name\":\"Kezakoo SUP\",\"description\":\"La r\u00e9f\u00e9rence de l&#039;enseignement sup\u00e9rieur au Maroc\",\"publisher\":{\"@id\":\"https:\/\/www.kezakoo.com\/sup\/ar\/#organization\"},\"potentialAction\":[{\"@type\":\"SearchAction\",\"target\":{\"@type\":\"EntryPoint\",\"urlTemplate\":\"https:\/\/www.kezakoo.com\/sup\/ar\/?s={search_term_string}\"},\"query-input\":{\"@type\":\"PropertyValueSpecification\",\"valueRequired\":true,\"valueName\":\"search_term_string\"}}],\"inLanguage\":\"fr-FR\"},{\"@type\":\"Organization\",\"@id\":\"https:\/\/www.kezakoo.com\/sup\/ar\/#organization\",\"name\":\"Kezakoo\",\"url\":\"https:\/\/www.kezakoo.com\/sup\/ar\/\",\"logo\":{\"@type\":\"ImageObject\",\"inLanguage\":\"fr-FR\",\"@id\":\"https:\/\/www.kezakoo.com\/sup\/ar\/#\/schema\/logo\/image\/\",\"url\":\"https:\/\/kezakoo.com\/sup\/wp-content\/uploads\/2017\/04\/Logo_Kezakoo_black_orange.png\",\"contentUrl\":\"https:\/\/kezakoo.com\/sup\/wp-content\/uploads\/2017\/04\/Logo_Kezakoo_black_orange.png\",\"width\":1086,\"height\":308,\"caption\":\"Kezakoo\"},\"image\":{\"@id\":\"https:\/\/www.kezakoo.com\/sup\/ar\/#\/schema\/logo\/image\/\"},\"sameAs\":[\"https:\/\/facebook.com\/kezakoo\",\"https:\/\/www.linkedin.com\/company\/kezakoo\",\"https:\/\/www.youtube.com\/user\/kezakoo1\"]}]}<\/script>\n<!-- \/ Yoast SEO plugin. -->","yoast_head_json":{"title":"G\u00e9n\u00e9ration de leads - Kezakoo SUP","robots":{"index":"index","follow":"follow","max-snippet":"max-snippet:-1","max-image-preview":"max-image-preview:large","max-video-preview":"max-video-preview:-1"},"canonical":"https:\/\/www.kezakoo.com\/sup\/generation-de-leads\/","og_locale":"fr_FR","og_type":"article","og_title":"G\u00e9n\u00e9ration de leads - Kezakoo SUP","og_description":"[vc_row content_placement=&#8221;middle&#8221;][vc_column width=&#8221;7\/12&#8243;][vc_empty_space height=&#8221;40px&#8221;][vc_empty_space height=&#8221;40px&#8221;][vc_column_text] Obtenez des contacts qualifi\u00e9s et int\u00e9ress\u00e9s par votre \u00e9tablissement [\/vc_column_text][vc_empty_space height=&#8221;40px&#8221;][vc_column_text] D\u00e9l\u00e9guez les campagnes d&#8217;acquisition de vos futurs \u00e9tudiants \u00e0 Kezakoo SUP et ne payez qu\u2019au contact re\u00e7u. [\/vc_column_text][\/vc_column][vc_column width=&#8221;5\/12&#8243;][vc_single_image image=&#8221;3860&#8243; img_size=&#8221;full&#8221;][\/vc_column][\/vc_row][vc_row content_placement=&#8221;middle&#8221;][vc_column][vc_column_text] Des offres flexibles, un mod\u00e8le \u00e0 la performance [\/vc_column_text][vc_empty_space height=&#8221;40px&#8221;][vc_row_inner][vc_column_inner width=&#8221;1\/3&#8243;][vc_icon type=&#8221;linecons&#8221; icon_linecons=&#8221;vc_li vc_li-study&#8221; color=&#8221;custom&#8221; size=&#8221;lg&#8221; align=&#8221;center&#8221; [&hellip;]","og_url":"https:\/\/www.kezakoo.com\/sup\/generation-de-leads\/","og_site_name":"Kezakoo SUP","article_publisher":"https:\/\/facebook.com\/kezakoo","article_modified_time":"2020-06-09T13:30:45+00:00","og_image":[{"width":1900,"height":1268,"url":"https:\/\/www.kezakoo.com\/sup\/wp-content\/uploads\/2017\/04\/sup.jpg","type":"image\/jpeg"}],"twitter_card":"summary_large_image","twitter_misc":{"Dur\u00e9e de lecture estim\u00e9e":"2 minutes"},"schema":{"@context":"https:\/\/schema.org","@graph":[{"@type":"WebPage","@id":"https:\/\/www.kezakoo.com\/sup\/generation-de-leads\/","url":"https:\/\/www.kezakoo.com\/sup\/generation-de-leads\/","name":"G\u00e9n\u00e9ration de leads - Kezakoo SUP","isPartOf":{"@id":"https:\/\/www.kezakoo.com\/sup\/ar\/#website"},"datePublished":"2020-05-27T16:47:05+00:00","dateModified":"2020-06-09T13:30:45+00:00","breadcrumb":{"@id":"https:\/\/www.kezakoo.com\/sup\/generation-de-leads\/#breadcrumb"},"inLanguage":"fr-FR","potentialAction":[{"@type":"ReadAction","target":["https:\/\/www.kezakoo.com\/sup\/generation-de-leads\/"]}]},{"@type":"BreadcrumbList","@id":"https:\/\/www.kezakoo.com\/sup\/generation-de-leads\/#breadcrumb","itemListElement":[{"@type":"ListItem","position":1,"name":"Accueil","item":"https:\/\/www.kezakoo.com\/sup\/"},{"@type":"ListItem","position":2,"name":"G\u00e9n\u00e9ration de leads"}]},{"@type":"WebSite","@id":"https:\/\/www.kezakoo.com\/sup\/ar\/#website","url":"https:\/\/www.kezakoo.com\/sup\/ar\/","name":"Kezakoo SUP","description":"La r\u00e9f\u00e9rence de l&#039;enseignement sup\u00e9rieur au Maroc","publisher":{"@id":"https:\/\/www.kezakoo.com\/sup\/ar\/#organization"},"potentialAction":[{"@type":"SearchAction","target":{"@type":"EntryPoint","urlTemplate":"https:\/\/www.kezakoo.com\/sup\/ar\/?s={search_term_string}"},"query-input":{"@type":"PropertyValueSpecification","valueRequired":true,"valueName":"search_term_string"}}],"inLanguage":"fr-FR"},{"@type":"Organization","@id":"https:\/\/www.kezakoo.com\/sup\/ar\/#organization","name":"Kezakoo","url":"https:\/\/www.kezakoo.com\/sup\/ar\/","logo":{"@type":"ImageObject","inLanguage":"fr-FR","@id":"https:\/\/www.kezakoo.com\/sup\/ar\/#\/schema\/logo\/image\/","url":"https:\/\/kezakoo.com\/sup\/wp-content\/uploads\/2017\/04\/Logo_Kezakoo_black_orange.png","contentUrl":"https:\/\/kezakoo.com\/sup\/wp-content\/uploads\/2017\/04\/Logo_Kezakoo_black_orange.png","width":1086,"height":308,"caption":"Kezakoo"},"image":{"@id":"https:\/\/www.kezakoo.com\/sup\/ar\/#\/schema\/logo\/image\/"},"sameAs":["https:\/\/facebook.com\/kezakoo","https:\/\/www.linkedin.com\/company\/kezakoo","https:\/\/www.youtube.com\/user\/kezakoo1"]}]}},"lang":"fr","translations":{"fr":3859},"pll_sync_post":[],"_links":{"self":[{"href":"https:\/\/www.kezakoo.com\/sup\/wp-json\/wp\/v2\/pages\/3859","targetHints":{"allow":["GET"]}}],"collection":[{"href":"https:\/\/www.kezakoo.com\/sup\/wp-json\/wp\/v2\/pages"}],"about":[{"href":"https:\/\/www.kezakoo.com\/sup\/wp-json\/wp\/v2\/types\/page"}],"author":[{"embeddable":true,"href":"https:\/\/www.kezakoo.com\/sup\/wp-json\/wp\/v2\/users\/1"}],"replies":[{"embeddable":true,"href":"https:\/\/www.kezakoo.com\/sup\/wp-json\/wp\/v2\/comments?post=3859"}],"version-history":[{"count":19,"href":"https:\/\/www.kezakoo.com\/sup\/wp-json\/wp\/v2\/pages\/3859\/revisions"}],"predecessor-version":[{"id":3973,"href":"https:\/\/www.kezakoo.com\/sup\/wp-json\/wp\/v2\/pages\/3859\/revisions\/3973"}],"wp:attachment":[{"href":"https:\/\/www.kezakoo.com\/sup\/wp-json\/wp\/v2\/media?parent=3859"}],"curies":[{"name":"wp","href":"https:\/\/api.w.org\/{rel}","templated":true}]}}